Last updated on 2024-05-02 08:01:43 CEST.
Flavor | Version | Tinstall | Tcheck | Ttotal | Status | Flags |
---|---|---|---|---|---|---|
r-devel-linux-x86_64-debian-clang | 1.0-8 | 3.45 | 62.29 | 65.74 | OK | |
r-devel-linux-x86_64-debian-gcc | 1.0-8 | 2.90 | 45.08 | 47.98 | OK | |
r-devel-linux-x86_64-fedora-clang | 1.0-8 | 82.76 | OK | |||
r-devel-linux-x86_64-fedora-gcc | 1.0-8 | 77.19 | OK | |||
r-devel-windows-x86_64 | 1.0-8 | 3.00 | 68.00 | 71.00 | OK | |
r-patched-linux-x86_64 | 1.0-8 | 4.03 | 57.45 | 61.48 | OK | |
r-release-linux-x86_64 | 1.0-8 | 3.88 | 59.65 | 63.53 | OK | |
r-release-macos-arm64 | 1.0-8 | 28.00 | OK | |||
r-release-windows-x86_64 | 1.0-8 | 4.00 | 69.00 | 73.00 | OK | |
r-oldrel-macos-arm64 | 1.0-8 | 28.00 | OK | |||
r-oldrel-macos-x86_64 | 1.0-8 | 55.00 | ERROR | |||
r-oldrel-windows-x86_64 | 1.0-8 | 5.00 | 77.00 | 82.00 | OK |
Version: 1.0-8
Check: tests
Result: ERROR
Running ‘testthat.R’ [6s/13s]
Running the tests in ‘tests/testthat.R’ failed.
Last 13 lines of output:
── 1. Failure ('test_predict.GP.R:64:9'): check predict.GP ─────────────────────
smse2 >= 0 & smse2 < 30 is not TRUE
`actual`: FALSE
`expected`: TRUE
── 2. Failure ('test_predict.GP.R:81:9'): check predict.GP ─────────────────────
sum(gpp2$complete_data[, 5] - ms2 < 1e-05) >= 10 is not TRUE
`actual`: FALSE
`expected`: TRUE
══ DONE ════════════════════════════════════════════════════════════════════════
Error: Test failures
Execution halted
Flavor: r-oldrel-macos-x86_64
These binaries (installable software) and packages are in development.
They may not be fully stable and should be used with caution. We make no claims about them.
Health stats visible at Monitor.