Last updated on 2025-05-03 10:50:05 CEST.
Flavor | Version | Tinstall | Tcheck | Ttotal | Status | Flags |
---|---|---|---|---|---|---|
r-devel-linux-x86_64-debian-clang | 1.1.8 | 27.43 | 122.40 | 149.83 | NOTE | --no-vignettes |
r-devel-linux-x86_64-debian-gcc | 1.1.8 | 20.27 | 85.48 | 105.75 | NOTE | --no-vignettes |
r-devel-linux-x86_64-fedora-clang | 1.1.8 | 1545.46 | NOTE | |||
r-devel-linux-x86_64-fedora-gcc | 1.1.8 | 1417.59 | NOTE | |||
r-devel-windows-x86_64 | 1.1.8 | 33.00 | 161.00 | 194.00 | OK | --no-vignettes |
r-patched-linux-x86_64 | 1.1.8 | 26.48 | 116.41 | 142.89 | NOTE | --no-vignettes |
r-release-linux-x86_64 | NOTE | --no-vignettes | ||||
r-release-macos-arm64 | 1.1.8 | 393.00 | OK | |||
r-release-macos-x86_64 | 1.1.8 | 815.00 | OK | |||
r-release-windows-x86_64 | 1.1.8 | 30.00 | 159.00 | 189.00 | OK | --no-vignettes |
r-oldrel-macos-arm64 | 1.1.8 | 303.00 | OK | |||
r-oldrel-macos-x86_64 | 1.1.8 | 640.00 | OK | |||
r-oldrel-windows-x86_64 | 1.1.8 | 38.00 | 184.00 | 222.00 | OK | --no-vignettes |
Version: 1.1.8
Flags: --no-vignettes
Check: CRAN incoming feasibility
Result: NOTE
Maintainer: ‘Mickael Binois <mickael.binois@inria.fr>’
No Authors@R field in DESCRIPTION.
Please add one, modifying
Authors@R: c(person(given = "Mickael",
family = "Binois",
role = c("aut", "cre"),
email = "mickael.binois@inria.fr"),
person(given = "Victor",
family = "Picheny",
role = "aut"))
as necessary.
Flavors: r-devel-linux-x86_64-debian-clang, r-devel-linux-x86_64-debian-gcc
Version: 1.1.8
Flags: --no-vignettes
Check: Rd cross-references
Result: NOTE
Unknown package ‘DiceOptim’ in Rd xrefs
Flavors: r-devel-linux-x86_64-debian-clang, r-devel-linux-x86_64-debian-gcc, r-patched-linux-x86_64, r-release-linux-x86_64
Version: 1.1.8
Check: Rd cross-references
Result: NOTE
Unknown package ‘DiceOptim’ in Rd xrefs
Flavors: r-devel-linux-x86_64-fedora-clang, r-devel-linux-x86_64-fedora-gcc
These binaries (installable software) and packages are in development.
They may not be fully stable and should be used with caution. We make no claims about them.
Health stats visible at Monitor.