Last updated on 2025-10-31 07:51:47 CET.
| Flavor | Version | Tinstall | Tcheck | Ttotal | Status | Flags | 
|---|---|---|---|---|---|---|
| r-devel-linux-x86_64-debian-clang | 1.1.5 | 112.10 | 54.11 | 166.21 | WARN | |
| r-devel-linux-x86_64-debian-gcc | 1.1.5 | 84.85 | 42.91 | 127.76 | WARN | |
| r-devel-linux-x86_64-fedora-clang | 1.1.5 | 148.00 | 123.22 | 271.22 | NOTE | |
| r-devel-linux-x86_64-fedora-gcc | 1.1.5 | 194.00 | 113.44 | 307.44 | NOTE | |
| r-devel-windows-x86_64 | 1.1.5 | 137.00 | 95.00 | 232.00 | NOTE | |
| r-patched-linux-x86_64 | 1.1.5 | 125.49 | 52.20 | 177.69 | NOTE | |
| r-release-linux-x86_64 | 1.1.5 | 127.86 | 53.34 | 181.20 | NOTE | |
| r-release-macos-arm64 | 1.1.5 | 46.00 | 44.00 | 90.00 | NOTE | |
| r-release-macos-x86_64 | 1.1.5 | 42.00 | 70.00 | 112.00 | NOTE | |
| r-release-windows-x86_64 | 1.1.5 | 134.00 | 96.00 | 230.00 | NOTE | |
| r-oldrel-macos-arm64 | 1.1.5 | 22.00 | 26.00 | 48.00 | NOTE | |
| r-oldrel-macos-x86_64 | 1.1.5 | 18.00 | 38.00 | 56.00 | NOTE | |
| r-oldrel-windows-x86_64 | 1.1.5 | 159.00 | 115.00 | 274.00 | NOTE | 
Version: 1.1.5
Check: CRAN incoming feasibility
Result: NOTE
  Maintainer: ‘Charlie Wusuo Liu <liuwusuo@gmail.com>’
  
  No Authors@R field in DESCRIPTION.
  Please add one, modifying
    Authors@R: person(given = c("Charlie", "Wusuo"),
                      family = "Liu",
                      role = c("aut", "cre"),
                      email = "liuwusuo@gmail.com")
  as necessary.
Flavors: r-devel-linux-x86_64-debian-clang, r-devel-linux-x86_64-debian-gcc
Version: 1.1.5
Check: whether package can be installed
Result: WARN
  Found the following significant warnings:
    /home/hornik/tmp/R.check/r-devel-clang/Work/build/Packages/RcppArmadillo/include/RcppArmadillo/version/arma.h:66:17: warning: Using fallback compilation with Armadillo 14.6.3. Please consider defining -DARMA_USE_CURRENT and also removing C++11 compilation directive. See GitHub issue #475 for more. [-W#pragma-messages]
  See ‘/home/hornik/tmp/R.check/r-devel-clang/Work/PKGS/GMKMcharlie.Rcheck/00install.out’ for details.
  * used C++ compiler: ‘Debian clang version 19.1.7 (7)’
Flavor: r-devel-linux-x86_64-debian-clang
Version: 1.1.5
Check: C++ specification
Result: NOTE
    Specified C++11: please drop specification unless essential
Flavors: r-devel-linux-x86_64-debian-clang, r-devel-linux-x86_64-debian-gcc, r-devel-linux-x86_64-fedora-clang, r-devel-linux-x86_64-fedora-gcc, r-devel-windows-x86_64, r-patched-linux-x86_64, r-release-linux-x86_64, r-release-macos-arm64, r-release-macos-x86_64, r-release-windows-x86_64, r-oldrel-macos-arm64, r-oldrel-macos-x86_64, r-oldrel-windows-x86_64
Version: 1.1.5
Check: whether package can be installed
Result: WARN
  Found the following significant warnings:
    /home/hornik/tmp/R.check/r-devel-gcc/Work/build/Packages/RcppArmadillo/include/RcppArmadillo/version/arma.h:66:199: note: ‘#pragma message: Using fallback compilation with Armadillo 14.6.3. Please consider defining -DARMA_USE_CURRENT and also removing C++11 compilation directive. See GitHub issue #475 for more.’
  See ‘/home/hornik/tmp/R.check/r-devel-gcc/Work/PKGS/GMKMcharlie.Rcheck/00install.out’ for details.
  * used C++ compiler: ‘g++-15 (Debian 15.2.0-4) 15.2.0’
Flavor: r-devel-linux-x86_64-debian-gcc
Version: 1.1.5
Check: installed package size
Result: NOTE
    installed size is 11.0Mb
    sub-directories of 1Mb or more:
      libs  10.9Mb
Flavors: r-oldrel-macos-arm64, r-oldrel-macos-x86_64
Version: 1.1.5
Check: for GNU extensions in Makefiles
Result: NOTE
  GNU make is a SystemRequirements.
Flavors: r-oldrel-macos-arm64, r-oldrel-macos-x86_64, r-oldrel-windows-x86_64
These binaries (installable software) and packages are in development.
They may not be fully stable and should be used with caution. We make no claims about them.
Health stats visible at Monitor.