Last updated on 2025-02-23 15:49:44 CET.
Flavor | Version | Tinstall | Tcheck | Ttotal | Status | Flags |
---|---|---|---|---|---|---|
r-devel-linux-x86_64-debian-clang | 1.4 | 2.00 | 51.97 | 53.97 | NOTE | |
r-devel-linux-x86_64-debian-gcc | 1.4 | 1.60 | 40.40 | 42.00 | NOTE | |
r-devel-linux-x86_64-fedora-clang | 1.4 | 88.23 | NOTE | |||
r-devel-linux-x86_64-fedora-gcc | 1.4 | 84.93 | NOTE | |||
r-devel-macos-arm64 | 1.4 | 34.00 | NOTE | |||
r-devel-macos-x86_64 | 1.4 | 52.00 | NOTE | |||
r-devel-windows-x86_64 | 1.4 | 6.00 | 95.00 | 101.00 | NOTE | |
r-patched-linux-x86_64 | 1.4 | 3.61 | 49.10 | 52.71 | NOTE | |
r-release-linux-x86_64 | 1.4 | 2.30 | 49.29 | 51.59 | NOTE | |
r-release-macos-arm64 | 1.4 | 33.00 | NOTE | |||
r-release-macos-x86_64 | 1.4 | 47.00 | NOTE | |||
r-release-windows-x86_64 | 1.4 | 5.00 | 92.00 | 97.00 | NOTE | |
r-oldrel-macos-arm64 | 1.4 | 39.00 | OK | |||
r-oldrel-macos-x86_64 | 1.4 | 50.00 | OK | |||
r-oldrel-windows-x86_64 | 1.4 | 6.00 | 107.00 | 113.00 | OK |
Version: 1.4
Check: Rd files
Result: NOTE
checkRd: (-1) ccancer.Rd:16: Lost braces
16 | a factor with levels either \\code{F} (female) or code{M} (male)}
| ^
checkRd: (-1) ccancer.Rd:16: Lost braces
16 | a factor with levels either \\code{F} (female) or code{M} (male)}
| ^
checkRd: (-1) galapagos.Rd:4: Lost braces
4 | \title{{Gal\'{a}pagos} Island species data}
| ^
checkRd: (-1) galapagos.Rd:6: Lost braces
6 | The number of species on the {Gal\'{a}pagos} Islands
| ^
checkRd: (-1) galapagos.Rd:6: Lost braces
6 | The number of species on the {Gal\'{a}pagos} Islands
| ^
checkRd: (-1) galapagos.Rd:40: Lost braces
40 | {Gal\'{a}pagos} (the endemics).
| ^
checkRd: (-1) galapagos.Rd:40: Lost braces
40 | {Gal\'{a}pagos} (the endemics).
| ^
checkRd: (-1) galapagos.Rd:44: Lost braces
44 | Species number and endemism: The {Gal\'{a}pagos} Archipelago revisited.
| ^
Flavors: r-devel-linux-x86_64-debian-clang, r-devel-linux-x86_64-debian-gcc, r-devel-linux-x86_64-fedora-clang, r-devel-linux-x86_64-fedora-gcc, r-devel-macos-arm64, r-devel-macos-x86_64, r-devel-windows-x86_64, r-patched-linux-x86_64, r-release-linux-x86_64, r-release-macos-arm64, r-release-macos-x86_64, r-release-windows-x86_64
These binaries (installable software) and packages are in development.
They may not be fully stable and should be used with caution. We make no claims about them.
Health stats visible at Monitor.