Last updated on 2025-02-23 15:49:43 CET.
Flavor | Version | Tinstall | Tcheck | Ttotal | Status | Flags |
---|---|---|---|---|---|---|
r-devel-linux-x86_64-debian-clang | 0.1.0 | 8.67 | 85.08 | 93.75 | OK | |
r-devel-linux-x86_64-debian-gcc | 0.1.0 | 5.98 | 57.82 | 63.80 | OK | |
r-devel-linux-x86_64-fedora-clang | 0.1.0 | 153.33 | OK | |||
r-devel-linux-x86_64-fedora-gcc | 0.1.0 | 139.32 | OK | |||
r-devel-macos-arm64 | 0.1.0 | 39.00 | ERROR | |||
r-devel-macos-x86_64 | 0.1.0 | 79.00 | OK | |||
r-devel-windows-x86_64 | 0.1.0 | 8.00 | 102.00 | 110.00 | OK | |
r-patched-linux-x86_64 | 0.1.0 | 8.36 | 78.15 | 86.51 | OK | |
r-release-linux-x86_64 | 0.1.0 | 8.32 | 76.75 | 85.07 | OK | |
r-release-macos-arm64 | 0.1.0 | 45.00 | ERROR | |||
r-release-macos-x86_64 | 0.1.0 | 61.00 | OK | |||
r-release-windows-x86_64 | 0.1.0 | 10.00 | 100.00 | 110.00 | OK | |
r-oldrel-macos-arm64 | 0.1.0 | 38.00 | ERROR | |||
r-oldrel-macos-x86_64 | 0.1.0 | 100.00 | OK | |||
r-oldrel-windows-x86_64 | 0.1.0 | 9.00 | 119.00 | 128.00 | OK |
Version: 0.1.0
Check: examples
Result: ERROR
Running examples in ‘GEC-Ex.R’ failed
The error most likely occurred in:
> ### Name: eep_optim
> ### Title: The Wrapper Function that Returns the Final Estimates from
> ### Maximum Likelihood Estimation for EEP.
> ### Aliases: eep_optim
>
> ### ** Examples
>
> eep_optim(seq(1:100))
Error in stats::optim(init, lower = lower_bound, eep_nll, method = "L-BFGS-B", :
L-BFGS-B needs finite values of 'fn'
Calls: eep_optim -> raw_est_eep -> <Anonymous>
Execution halted
Flavors: r-devel-macos-arm64, r-release-macos-arm64, r-oldrel-macos-arm64
These binaries (installable software) and packages are in development.
They may not be fully stable and should be used with caution. We make no claims about them.
Health stats visible at Monitor.