Last updated on 2025-10-30 19:53:25 CET.
| Flavor | Version | Tinstall | Tcheck | Ttotal | Status | Flags | 
|---|---|---|---|---|---|---|
| r-devel-linux-x86_64-debian-clang | 0.1.1 | 2.11 | 25.89 | 28.00 | NOTE | |
| r-devel-linux-x86_64-debian-gcc | 0.1.1 | 1.59 | 20.36 | 21.95 | NOTE | |
| r-devel-linux-x86_64-fedora-clang | 0.1.1 | 40.91 | NOTE | |||
| r-devel-linux-x86_64-fedora-gcc | 0.1.1 | 39.10 | NOTE | |||
| r-devel-windows-x86_64 | 0.1.1 | 3.00 | 46.00 | 49.00 | NOTE | |
| r-patched-linux-x86_64 | 0.1.1 | 2.43 | 24.02 | 26.45 | NOTE | |
| r-release-linux-x86_64 | 0.1.1 | 1.92 | 24.30 | 26.22 | NOTE | |
| r-release-macos-arm64 | 0.1.1 | 1.00 | 16.00 | 17.00 | NOTE | |
| r-release-macos-x86_64 | 0.1.1 | 3.00 | 36.00 | 39.00 | NOTE | |
| r-release-windows-x86_64 | 0.1.1 | 3.00 | 49.00 | 52.00 | NOTE | |
| r-oldrel-macos-arm64 | 0.1.1 | 1.00 | 15.00 | 16.00 | NOTE | |
| r-oldrel-macos-x86_64 | 0.1.1 | 2.00 | 24.00 | 26.00 | NOTE | |
| r-oldrel-windows-x86_64 | 0.1.1 | 5.00 | 54.00 | 59.00 | NOTE | 
Version: 0.1.1
Check: Rd files
Result: NOTE
  checkRd: (-1) GDSARM.Rd:7: Lost braces
       7 | Cand{\`e}s, E. and Tao, T. (2007). The Dantzig selector: Statistical estimation when p is much
         |     ^
  checkRd: (-1) GDSARM.Rd:10: Lost braces
      10 | Dopico-Garc{\' i}a, M.S., Valentao, P., Guerra, L., Andrade, P. B., and Seabra, R. M. (2007).
         |            ^
  checkRd: (-1) GDS_givencols.Rd:7: Lost braces
       7 | Cand{\`e}s, E. and Tao, T. (2007). The Dantzig selector: Statistical estimation when p is much
         |     ^
  checkRd: (-1) GDS_givencols.Rd:10: Lost braces
      10 | Dopico-Garc{\' i}a, M.S., Valentao, P., Guerra, L., Andrade, P. B., and Seabra, R. M. (2007).
         |            ^
  checkRd: (-1) dantzig.delta.Rd:7: Lost braces
       7 | Cand{\`e}s, E. and Tao, T. (2007). The Dantzig selector: Statistical estimation when p is much
         |     ^
  checkRd: (-1) dantzigS.Rd:7: Lost braces
       7 | Cand{\`e}s, E. and Tao, T. (2007). The Dantzig selector: Statistical estimation when p is much
         |     ^
  checkRd: (-1) dataCompoundExt.Rd:6: Lost braces
       6 | \title{Compound Extraction experiment of Dopico-Garc{\' i}a et al. (2007)}
         |                                                     ^
  checkRd: (-1) dataCompoundExt.Rd:35: Lost braces
      35 | An analytical experiment conducted by Dopico-Garc{\' i}a et al. (2007) to
         |                                                  ^
  checkRd: (-1) dataCompoundExt.Rd:22: Lost braces
      22 | Dopico-Garc{\' i}a, M.S., Valentao, P., Guerra, L., Andrade, P. B., and Seabra, R. M. (2007).
         |            ^
Flavors: r-devel-linux-x86_64-debian-clang, r-devel-linux-x86_64-debian-gcc, r-devel-linux-x86_64-fedora-clang, r-devel-linux-x86_64-fedora-gcc, r-devel-windows-x86_64, r-patched-linux-x86_64, r-release-linux-x86_64, r-release-macos-arm64, r-release-macos-x86_64, r-release-windows-x86_64, r-oldrel-macos-arm64, r-oldrel-macos-x86_64, r-oldrel-windows-x86_64
These binaries (installable software) and packages are in development.
They may not be fully stable and should be used with caution. We make no claims about them.
Health stats visible at Monitor.