CRAN Package Check Results for Package GCEstim

Last updated on 2025-07-17 17:50:15 CEST.

Flavor Version Tinstall Tcheck Ttotal Status Flags
r-devel-linux-x86_64-fedora-clang 0.1.0 2211.90 OK
r-devel-linux-x86_64-fedora-gcc 0.1.0 1755.42 ERROR
r-release-macos-x86_64 0.1.0 490.00 OK
r-oldrel-macos-x86_64 0.1.0 518.00 OK

Check Details

Version: 0.1.0
Check: re-building of vignette outputs
Result: ERROR Error(s) in re-building vignettes: Warning: elapsed-time limit of 1 hours reached for sub-process --- re-building ‘V1_Quick_start.Rmd’ using rmarkdown Quitting from V1_Quick_start.Rmd:471-473 [unnamed-chunk-48] Execution halted --- re-building ‘V2_GME_framework.Rmd’ using rmarkdown --- finished re-building ‘V2_GME_framework.Rmd’ --- re-building ‘V3_GCE_framework.Rmd’ using rmarkdown --- finished re-building ‘V3_GCE_framework.Rmd’ --- re-building ‘V4_Optimization.Rmd’ using rmarkdown --- finished re-building ‘V4_Optimization.Rmd’ --- re-building ‘V5_Choosing_Supports.Rmd’ using rmarkdown --- finished re-building ‘V5_Choosing_Supports.Rmd’ --- re-building ‘V6_Two_steps_ME_estimation.Rmd’ using rmarkdown --- finished re-building ‘V6_Two_steps_ME_estimation.Rmd’ --- re-building ‘V7_Further_Considerations.Rmd’ using rmarkdown --- finished re-building ‘V7_Further_Considerations.Rmd’ SUMMARY: processing the following file failed: ‘V1_Quick_start.Rmd’ Error: Vignette re-building failed. Execution halted Flavor: r-devel-linux-x86_64-fedora-gcc

These binaries (installable software) and packages are in development.
They may not be fully stable and should be used with caution. We make no claims about them.
Health stats visible at Monitor.