Last updated on 2025-05-08 09:53:59 CEST.
Flavor | Version | Tinstall | Tcheck | Ttotal | Status | Flags |
---|---|---|---|---|---|---|
r-devel-linux-x86_64-debian-clang | 0.4-7 | 6.76 | 71.15 | 77.91 | NOTE | |
r-devel-linux-x86_64-debian-gcc | 0.4-7 | 5.47 | 51.47 | 56.94 | NOTE | |
r-devel-linux-x86_64-fedora-clang | 0.4-7 | 126.17 | NOTE | |||
r-devel-linux-x86_64-fedora-gcc | 0.4-7 | 135.99 | NOTE | |||
r-devel-windows-x86_64 | 0.4-7 | 10.00 | 115.00 | 125.00 | NOTE | |
r-patched-linux-x86_64 | 0.4-7 | 9.75 | 68.70 | 78.45 | NOTE | |
r-release-linux-x86_64 | 0.4-7 | 7.06 | 69.99 | 77.05 | NOTE | |
r-release-macos-arm64 | 0.4-7 | 59.00 | NOTE | |||
r-release-macos-x86_64 | 0.4-7 | 90.00 | NOTE | |||
r-release-windows-x86_64 | 0.4-7 | 9.00 | 119.00 | 128.00 | NOTE | |
r-oldrel-macos-arm64 | 0.4-7 | 50.00 | NOTE | |||
r-oldrel-macos-x86_64 | 0.4-7 | 118.00 | NOTE | |||
r-oldrel-windows-x86_64 | 0.4-7 | 12.00 | 126.00 | 138.00 | NOTE |
Version: 0.4-7
Check: CRAN incoming feasibility
Result: NOTE
Maintainer: ‘Marek Gagolewski <marek@gagolewski.com>’
Package CITATION file contains call(s) to old-style personList() or
as.personList(). Please use c() on person objects instead.
Package CITATION file contains call(s) to old-style citEntry(). Please
use bibentry() instead.
Flavors: r-devel-linux-x86_64-debian-clang, r-devel-linux-x86_64-debian-gcc
Version: 0.4-7
Check: Rd files
Result: NOTE
checkRd: (-1) trapezoidalApproximation-methods.Rd:49: Lost braces; missing escapes or markup?
49 | For example, if Val(A) < EV_{1/3}(A) or Val(A) > EV_{2/3}(A),
| ^
checkRd: (-1) trapezoidalApproximation-methods.Rd:49: Lost braces; missing escapes or markup?
49 | For example, if Val(A) < EV_{1/3}(A) or Val(A) > EV_{2/3}(A),
| ^
Flavors: r-devel-linux-x86_64-debian-clang, r-devel-linux-x86_64-debian-gcc, r-devel-linux-x86_64-fedora-clang, r-devel-linux-x86_64-fedora-gcc, r-devel-windows-x86_64, r-patched-linux-x86_64, r-release-linux-x86_64, r-release-macos-arm64, r-release-macos-x86_64, r-release-windows-x86_64, r-oldrel-macos-arm64, r-oldrel-macos-x86_64, r-oldrel-windows-x86_64
These binaries (installable software) and packages are in development.
They may not be fully stable and should be used with caution. We make no claims about them.
Health stats visible at Monitor.