Last updated on 2025-05-07 14:51:37 CEST.
Flavor | Version | Tinstall | Tcheck | Ttotal | Status | Flags |
---|---|---|---|---|---|---|
r-devel-linux-x86_64-debian-clang | 3.2 | 1.95 | 29.48 | 31.43 | NOTE | |
r-devel-linux-x86_64-debian-gcc | 3.2 | 1.81 | 22.30 | 24.11 | NOTE | |
r-devel-linux-x86_64-fedora-clang | 3.2 | 49.40 | OK | |||
r-devel-linux-x86_64-fedora-gcc | 3.2 | 47.34 | OK | |||
r-devel-windows-x86_64 | 3.2 | 5.00 | 49.00 | 54.00 | OK | |
r-patched-linux-x86_64 | 3.2 | 2.62 | 29.00 | 31.62 | OK | |
r-release-linux-x86_64 | 3.2 | 2.10 | 28.33 | 30.43 | OK | |
r-release-macos-arm64 | 3.2 | 21.00 | OK | |||
r-release-macos-x86_64 | 3.2 | 61.00 | OK | |||
r-release-windows-x86_64 | 3.2 | 4.00 | 49.00 | 53.00 | OK | |
r-oldrel-macos-arm64 | 3.2 | 19.00 | OK | |||
r-oldrel-macos-x86_64 | 3.2 | 33.00 | OK | |||
r-oldrel-windows-x86_64 | 3.2 | 4.00 | 55.00 | 59.00 | OK |
Version: 3.2
Check: CRAN incoming feasibility
Result: NOTE
Maintainer: ‘Abbas Parchami <parchami@uk.ac.ir>’
No Authors@R field in DESCRIPTION.
Please add one, modifying
Authors@R: person(given = "Abbas",
family = "Parchami",
role = c("aut", "cre"),
email = "parchami@uk.ac.ir",
comment = "Department of Statistics, Faculty of Mathematics and Computer, Shahid Bahonar University of Kerman, Kerman, Iran")
as necessary.
Flavors: r-devel-linux-x86_64-debian-clang, r-devel-linux-x86_64-debian-gcc
These binaries (installable software) and packages are in development.
They may not be fully stable and should be used with caution. We make no claims about them.
Health stats visible at Monitor.