CRAN Package Check Results for Package FracFixR

Last updated on 2025-10-26 09:49:56 CET.

Flavor Version Tinstall Tcheck Ttotal Status Flags
r-devel-linux-x86_64-debian-clang 1.0.0 7.24 81.43 88.67 OK
r-devel-linux-x86_64-debian-gcc 1.0.0 4.59 58.88 63.47 OK
r-devel-linux-x86_64-fedora-clang 1.0.0 71.00 80.66 151.66 OK
r-devel-linux-x86_64-fedora-gcc 1.0.0 47.00 109.37 156.37 OK
r-devel-windows-x86_64 1.0.0 11.00 84.00 95.00 FAIL
r-patched-linux-x86_64 1.0.0 6.44 75.52 81.96 OK
r-release-linux-x86_64 1.0.0 7.67 76.36 84.03 OK
r-release-macos-arm64 1.0.0 3.00 45.00 48.00 OK
r-release-macos-x86_64 1.0.0 8.00 110.00 118.00 OK
r-release-windows-x86_64 1.0.0 11.00 88.00 99.00 FAIL
r-oldrel-macos-arm64 1.0.0 3.00 46.00 49.00 OK
r-oldrel-macos-x86_64 1.0.0 10.00 104.00 114.00 OK
r-oldrel-windows-x86_64 1.0.0 12.00 100.00 112.00 FAIL

Check Details

Version: 1.0.0
Check: re-building of vignette outputs
Result: FAIL
Flavors: r-devel-windows-x86_64, r-release-windows-x86_64, r-oldrel-windows-x86_64

These binaries (installable software) and packages are in development.
They may not be fully stable and should be used with caution. We make no claims about them.
Health stats visible at Monitor.