Last updated on 2025-10-30 19:53:24 CET.
| Flavor | Version | Tinstall | Tcheck | Ttotal | Status | Flags | 
|---|---|---|---|---|---|---|
| r-devel-linux-x86_64-debian-clang | 0.2.7 | 4.11 | 184.14 | 188.25 | NOTE | |
| r-devel-linux-x86_64-debian-gcc | 0.2.7 | 3.51 | 107.39 | 110.90 | NOTE | |
| r-devel-linux-x86_64-fedora-clang | 0.2.7 | 280.83 | NOTE | |||
| r-devel-linux-x86_64-fedora-gcc | 0.2.7 | 11.00 | 292.14 | 303.14 | NOTE | |
| r-devel-windows-x86_64 | 0.2.7 | 6.00 | 161.00 | 167.00 | NOTE | |
| r-patched-linux-x86_64 | 0.2.7 | 5.38 | 163.67 | 169.05 | NOTE | |
| r-release-linux-x86_64 | 0.2.7 | 4.84 | 165.08 | 169.92 | NOTE | |
| r-release-macos-arm64 | 0.2.7 | 3.00 | 93.00 | 96.00 | NOTE | |
| r-release-macos-x86_64 | 0.2.7 | 4.00 | 190.00 | 194.00 | NOTE | |
| r-release-windows-x86_64 | 0.2.7 | 6.00 | 163.00 | 169.00 | NOTE | |
| r-oldrel-macos-arm64 | 0.2.7 | 2.00 | 66.00 | 68.00 | NOTE | |
| r-oldrel-macos-x86_64 | 0.2.7 | 4.00 | 114.00 | 118.00 | NOTE | |
| r-oldrel-windows-x86_64 | 0.2.7 | 9.00 | 210.00 | 219.00 | NOTE | 
Version: 0.2.7
Check: CRAN incoming feasibility
Result: NOTE
  Maintainer: ‘Georg M. Goerg <im@gmge.org>’
  
  Package CITATION file contains call(s) to old-style personList() or
  as.personList().  Please use c() on person objects instead.
  Package CITATION file contains call(s) to old-style citEntry().  Please
  use bibentry() instead.
Flavors: r-devel-linux-x86_64-debian-clang, r-devel-linux-x86_64-debian-gcc
Version: 0.2.7
Check: Rd files
Result: NOTE
  checkRd: (-1) foreca.Rd:77: Lost braces in \itemize; \value handles \item{}{} directly
  checkRd: (-1) foreca.Rd:78-80: Lost braces in \itemize; \value handles \item{}{} directly
  checkRd: (-1) foreca.Rd:81-83: Lost braces in \itemize; \value handles \item{}{} directly
  checkRd: (-1) foreca.Rd:84-87: Lost braces in \itemize; \value handles \item{}{} directly
  checkRd: (-1) foreca.Rd:88-90: Lost braces in \itemize; \value handles \item{}{} directly
  checkRd: (-1) foreca.Rd:91-92: Lost braces in \itemize; \value handles \item{}{} directly
  checkRd: (-1) foreca.Rd:93: Lost braces in \itemize; \value handles \item{}{} directly
  checkRd: (-1) initialize_weightvector.Rd:53-54: Lost braces in \itemize; meant \describe ?
  checkRd: (-1) initialize_weightvector.Rd:55: Lost braces in \itemize; meant \describe ?
  checkRd: (-1) initialize_weightvector.Rd:56: Lost braces in \itemize; meant \describe ?
  checkRd: (-1) initialize_weightvector.Rd:57: Lost braces in \itemize; meant \describe ?
  checkRd: (-1) initialize_weightvector.Rd:58: Lost braces in \itemize; meant \describe ?
  checkRd: (-1) initialize_weightvector.Rd:59: Lost braces in \itemize; meant \describe ?
  checkRd: (-1) initialize_weightvector.Rd:60-61: Lost braces in \itemize; meant \describe ?
  checkRd: (-1) initialize_weightvector.Rd:62: Lost braces in \itemize; meant \describe ?
  checkRd: (-1) initialize_weightvector.Rd:63: Lost braces in \itemize; meant \describe ?
  checkRd: (-1) initialize_weightvector.Rd:64-65: Lost braces in \itemize; meant \describe ?
Flavors: r-devel-linux-x86_64-debian-clang, r-devel-linux-x86_64-debian-gcc, r-devel-linux-x86_64-fedora-clang, r-devel-linux-x86_64-fedora-gcc, r-devel-windows-x86_64, r-patched-linux-x86_64, r-release-linux-x86_64, r-release-macos-arm64, r-release-macos-x86_64, r-release-windows-x86_64, r-oldrel-macos-arm64, r-oldrel-macos-x86_64, r-oldrel-windows-x86_64
These binaries (installable software) and packages are in development.
They may not be fully stable and should be used with caution. We make no claims about them.
Health stats visible at Monitor.