CRAN Package Check Results for Package FlexParamCurve

Last updated on 2025-02-23 15:49:42 CET.

Flavor Version Tinstall Tcheck Ttotal Status Flags
r-devel-linux-x86_64-debian-clang 1.5-6 9.07 70.86 79.93 NOTE
r-devel-linux-x86_64-debian-gcc 1.5-6 7.56 43.69 51.25 NOTE
r-devel-linux-x86_64-fedora-clang 1.5-6 132.81 OK
r-devel-linux-x86_64-fedora-gcc 1.5-6 124.37 OK
r-devel-macos-arm64 1.5-6 33.00 OK
r-devel-macos-x86_64 1.5-6 67.00 OK
r-devel-windows-x86_64 1.5-6 12.00 79.00 91.00 NOTE
r-patched-linux-x86_64 1.5-6 10.66 64.05 74.71 OK
r-release-linux-x86_64 1.5-6 10.94 66.04 76.98 OK
r-release-macos-arm64 1.5-6 34.00 OK
r-release-macos-x86_64 1.5-6 53.00 OK
r-release-windows-x86_64 1.5-6 11.00 80.00 91.00 OK
r-oldrel-macos-arm64 1.5-6 39.00 OK
r-oldrel-macos-x86_64 1.5-6 85.00 OK
r-oldrel-windows-x86_64 1.5-6 11.00 92.00 103.00 OK

Check Details

Version: 1.5-6
Check: Rd cross-references
Result: NOTE Found the following Rd file(s) with Rd \link{} targets missing package anchors: FlexParamCurve-package.Rd: nlsList, nlme SSposnegRichards.Rd: nlsList, nlme extraF.Rd: nlsList logist.data.Rd: nlme pn.mod.compare.Rd: nlsList pn.modselect.step.Rd: nlsList posneg.data.Rd: nlme posnegRichards.calls.Rd: nlsList Please provide package anchors for all Rd \link{} targets not in the package itself and the base packages. Flavors: r-devel-linux-x86_64-debian-clang, r-devel-linux-x86_64-debian-gcc, r-devel-windows-x86_64

These binaries (installable software) and packages are in development.
They may not be fully stable and should be used with caution. We make no claims about them.
Health stats visible at Monitor.