Last updated on 2025-02-23 15:49:42 CET.
Flavor | Version | Tinstall | Tcheck | Ttotal | Status | Flags |
---|---|---|---|---|---|---|
r-devel-linux-x86_64-debian-clang | 1.2-1 | 10.57 | 22.77 | 33.34 | NOTE | |
r-devel-linux-x86_64-debian-gcc | 1.2-1 | 7.14 | 18.34 | 25.48 | NOTE | |
r-devel-linux-x86_64-fedora-clang | 1.2-1 | 57.27 | NOTE | |||
r-devel-linux-x86_64-fedora-gcc | 1.2-1 | 52.71 | NOTE | |||
r-devel-macos-arm64 | 1.2-1 | 24.00 | NOTE | |||
r-devel-macos-x86_64 | 1.2-1 | 53.00 | NOTE | |||
r-devel-windows-x86_64 | 1.2-1 | 14.00 | 45.00 | 59.00 | NOTE | |
r-patched-linux-x86_64 | 1.2-1 | 8.77 | 21.32 | 30.09 | NOTE | |
r-release-linux-x86_64 | 1.2-1 | 7.69 | 21.53 | 29.22 | NOTE | |
r-release-macos-arm64 | 1.2-1 | 28.00 | NOTE | |||
r-release-macos-x86_64 | 1.2-1 | 48.00 | NOTE | |||
r-release-windows-x86_64 | 1.2-1 | 12.00 | 43.00 | 55.00 | NOTE | |
r-oldrel-macos-arm64 | 1.2-1 | 32.00 | NOTE | |||
r-oldrel-macos-x86_64 | 1.2-1 | 68.00 | NOTE | |||
r-oldrel-windows-x86_64 | 1.2-1 | 13.00 | 47.00 | 60.00 | NOTE |
Version: 1.2-1
Check: R code for possible problems
Result: NOTE
.run: no visible binding for global variable ‘init’
.run: no visible global function definition for ‘init’
.run: no visible binding for global variable ‘run’
Undefined global functions or variables:
init run
Flavors: r-devel-linux-x86_64-debian-clang, r-devel-linux-x86_64-debian-gcc, r-devel-linux-x86_64-fedora-clang, r-devel-linux-x86_64-fedora-gcc, r-devel-macos-arm64, r-devel-macos-x86_64, r-devel-windows-x86_64, r-patched-linux-x86_64, r-release-linux-x86_64, r-release-macos-arm64, r-release-macos-x86_64, r-release-windows-x86_64, r-oldrel-macos-arm64, r-oldrel-macos-x86_64, r-oldrel-windows-x86_64
Version: 1.2-1
Check: Rd cross-references
Result: NOTE
Found the following Rd file(s) with Rd \link{} targets missing package
anchors:
WebPlot.Rd: Cairo
Please provide package anchors for all Rd \link{} targets not in the
package itself and the base packages.
Flavors: r-devel-linux-x86_64-debian-clang, r-devel-linux-x86_64-debian-gcc, r-devel-windows-x86_64
Version: 1.2-1
Check: compiled code
Result: NOTE
Note: information on .o files is not available
Flavors: r-devel-linux-x86_64-debian-clang, r-devel-linux-x86_64-debian-gcc, r-devel-macos-arm64, r-devel-macos-x86_64, r-patched-linux-x86_64, r-release-linux-x86_64, r-release-macos-arm64, r-release-macos-x86_64, r-oldrel-macos-arm64, r-oldrel-macos-x86_64
Version: 1.2-1
Check: compiled code
Result: NOTE
Note: information on .o files is not available
File ‘FastRWeb/libs/null.so’:
Found no calls to: ‘R_registerRoutines’, ‘R_useDynamicSymbols’
It is good practice to register native routines and to disable symbol
search.
See ‘Writing portable packages’ in the ‘Writing R Extensions’ manual.
Flavors: r-devel-linux-x86_64-fedora-clang, r-devel-linux-x86_64-fedora-gcc
Version: 1.2-1
Check: installed package size
Result: NOTE
installed size is 5.3Mb
sub-directories of 1Mb or more:
Rcgi 2.6Mb
cgi-bin 2.5Mb
Flavors: r-release-windows-x86_64, r-oldrel-windows-x86_64
These binaries (installable software) and packages are in development.
They may not be fully stable and should be used with caution. We make no claims about them.
Health stats visible at Monitor.