Last updated on 2024-05-02 06:11:48 CEST.
Flavor | Version | Tinstall | Tcheck | Ttotal | Status | Flags |
---|---|---|---|---|---|---|
r-devel-linux-x86_64-debian-clang | 0.5.3 | 56.59 | 40.02 | 96.61 | OK | |
r-devel-linux-x86_64-debian-gcc | 0.5.3 | 44.52 | 32.01 | 76.53 | OK | |
r-devel-linux-x86_64-fedora-clang | 0.5.3 | 119.27 | OK | |||
r-devel-linux-x86_64-fedora-gcc | 0.5.3 | 135.73 | OK | |||
r-devel-windows-x86_64 | 0.5.3 | 47.00 | 88.00 | 135.00 | OK | |
r-patched-linux-x86_64 | 0.5.2 | 40.73 | 40.04 | 80.77 | NOTE | |
r-release-linux-x86_64 | 0.5.3 | 53.49 | 40.95 | 94.44 | OK | |
r-release-macos-arm64 | 0.5.3 | 38.00 | NOTE | |||
r-release-macos-x86_64 | 0.5.3 | 90.00 | NOTE | |||
r-release-windows-x86_64 | 0.5.3 | 44.00 | 91.00 | 135.00 | OK | |
r-oldrel-macos-arm64 | 0.5.3 | 55.00 | NOTE | |||
r-oldrel-macos-x86_64 | 0.5.3 | 93.00 | NOTE | |||
r-oldrel-windows-x86_64 | 0.5.3 | 51.00 | 85.00 | 136.00 | OK |
Version: 0.5.2
Check: Rd files
Result: NOTE
checkRd: (-1) show.fgasp.Rd:13: Lost braces
13 | Function to print the code{fgasp} object.
| ^
Flavor: r-patched-linux-x86_64
Version: 0.5.2
Check: Rd \usage sections
Result: NOTE
Documented arguments not in \usage in Rd file 'Get_C_R_K_Q.Rd':
‘have_noise’
Documented arguments not in \usage in Rd file 'Sample_KF_post.Rd':
‘C0’
Functions with \usage entries need to have the appropriate \alias
entries, and all their arguments documented.
The \usage entries must correspond to syntactically valid R code.
See chapter ‘Writing R documentation files’ in the ‘Writing R
Extensions’ manual.
Flavor: r-patched-linux-x86_64
Version: 0.5.3
Check: installed package size
Result: NOTE
installed size is 14.9Mb
sub-directories of 1Mb or more:
libs 14.6Mb
Flavors: r-release-macos-arm64, r-release-macos-x86_64, r-oldrel-macos-arm64, r-oldrel-macos-x86_64
These binaries (installable software) and packages are in development.
They may not be fully stable and should be used with caution. We make no claims about them.
Health stats visible at Monitor.