Last updated on 2025-05-03 22:49:52 CEST.
Flavor | Version | Tinstall | Tcheck | Ttotal | Status | Flags |
---|---|---|---|---|---|---|
r-devel-linux-x86_64-debian-clang | 2.11 | 35.41 | 219.88 | 255.29 | NOTE | |
r-devel-linux-x86_64-debian-gcc | 2.11 | 22.77 | 146.48 | 169.25 | NOTE | |
r-devel-linux-x86_64-fedora-clang | 2.11 | 402.15 | OK | |||
r-devel-linux-x86_64-fedora-gcc | 2.11 | 402.47 | OK | |||
r-devel-windows-x86_64 | 2.11 | 43.00 | 205.00 | 248.00 | NOTE | |
r-patched-linux-x86_64 | 2.11 | 37.34 | 209.73 | 247.07 | NOTE | |
r-release-linux-x86_64 | NOTE | |||||
r-release-macos-arm64 | 2.11 | 96.00 | OK | |||
r-release-macos-x86_64 | 2.11 | 216.00 | OK | |||
r-release-windows-x86_64 | 2.11 | 42.00 | 202.00 | 244.00 | NOTE | |
r-oldrel-macos-arm64 | 2.11 | 104.00 | OK | |||
r-oldrel-macos-x86_64 | 2.11 | 158.00 | OK | |||
r-oldrel-windows-x86_64 | 2.11 | 57.00 | 269.00 | 326.00 | OK |
Version: 2.11
Check: CRAN incoming feasibility
Result: NOTE
Maintainer: ‘Francois Husson <francois.husson@institut-agro.fr>’
No Authors@R field in DESCRIPTION.
Please add one, modifying
Authors@R: c(person(given = "Francois",
family = "Husson",
role = c("aut", "cre"),
email = "francois.husson@institut-agro.fr"),
person(given = "Julie",
family = "Josse",
role = "aut"),
person(given = "Sebastien",
family = "Le",
role = "aut"),
person(given = "Jeremy",
family = "Mazet",
role = "aut"))
as necessary.
The BugReports field in DESCRIPTION has
https://github.com/husson/FactoMineR
which should likely be
https://github.com/husson/FactoMineR/issues
instead.
Flavors: r-devel-linux-x86_64-debian-clang, r-devel-linux-x86_64-debian-gcc
Version: 2.11
Check: Rd cross-references
Result: NOTE
Found the following Rd file(s) with Rd \link{} targets missing package
anchors:
HCPC.Rd: agnes
plotellipses.Rd: xyplot
Please provide package anchors for all Rd \link{} targets not in the
package itself and the base packages.
Flavors: r-devel-linux-x86_64-debian-clang, r-devel-linux-x86_64-debian-gcc, r-devel-windows-x86_64, r-patched-linux-x86_64, r-release-linux-x86_64, r-release-windows-x86_64
These binaries (installable software) and packages are in development.
They may not be fully stable and should be used with caution. We make no claims about them.
Health stats visible at Monitor.