Last updated on 2025-11-13 09:50:46 CET.
| Flavor | Version | Tinstall | Tcheck | Ttotal | Status | Flags |
|---|---|---|---|---|---|---|
| r-devel-linux-x86_64-debian-clang | 2.0.9 | 20.92 | 288.34 | 309.26 | WARN | |
| r-devel-linux-x86_64-debian-gcc | 2.0.10 | 15.96 | 180.54 | 196.50 | OK | |
| r-devel-linux-x86_64-fedora-clang | 2.0.10 | 98.00 | 407.82 | 505.82 | OK | |
| r-devel-linux-x86_64-fedora-gcc | 2.0.10 | 55.00 | 429.73 | 484.73 | OK | |
| r-devel-windows-x86_64 | 2.0.10 | 25.00 | 275.00 | 300.00 | OK | |
| r-patched-linux-x86_64 | 2.0.9 | 19.71 | 265.54 | 285.25 | WARN | |
| r-release-linux-x86_64 | 2.0.9 | 19.57 | 267.83 | 287.40 | WARN | |
| r-release-macos-arm64 | 2.0.10 | 9.00 | 108.00 | 117.00 | OK | |
| r-release-macos-x86_64 | 2.0.10 | 32.00 | 205.00 | 237.00 | OK | |
| r-release-windows-x86_64 | 2.0.10 | 23.00 | 260.00 | 283.00 | OK | |
| r-oldrel-macos-arm64 | 2.0.10 | 8.00 | 115.00 | 123.00 | OK | |
| r-oldrel-macos-x86_64 | 2.0.10 | 22.00 | 324.00 | 346.00 | OK | |
| r-oldrel-windows-x86_64 | 2.0.10 | 30.00 | 349.00 | 379.00 | OK |
Version: 2.0.9
Check: Rd files
Result: WARN
prepare_Rd: Undefined bibtex string name: october
Flavors: r-devel-linux-x86_64-debian-clang, r-patched-linux-x86_64, r-release-linux-x86_64
These binaries (installable software) and packages are in development.
They may not be fully stable and should be used with caution. We make no claims about them.
Health stats visible at Monitor.