Last updated on 2024-05-02 09:51:35 CEST.
Flavor | Version | Tinstall | Tcheck | Ttotal | Status | Flags |
---|---|---|---|---|---|---|
r-devel-linux-x86_64-debian-clang | 0.9.5 | 14.32 | 168.25 | 182.57 | NOTE | |
r-devel-linux-x86_64-debian-gcc | 0.9.5 | 13.26 | 113.88 | 127.14 | NOTE | |
r-devel-linux-x86_64-fedora-clang | 0.9.5 | 215.39 | NOTE | |||
r-devel-linux-x86_64-fedora-gcc | 0.9.5 | 212.83 | NOTE | |||
r-devel-windows-x86_64 | 0.9.5 | 16.00 | 140.00 | 156.00 | NOTE | |
r-patched-linux-x86_64 | 0.9.5 | 18.67 | 155.88 | 174.55 | NOTE | |
r-release-linux-x86_64 | 0.9.5 | 10.66 | 153.82 | 164.48 | NOTE | |
r-release-macos-arm64 | 0.9.5 | 53.00 | NOTE | |||
r-release-windows-x86_64 | 0.9.5 | 14.00 | 143.00 | 157.00 | NOTE | |
r-oldrel-macos-arm64 | 0.9.5 | 55.00 | OK | |||
r-oldrel-macos-x86_64 | 0.9.5 | 149.00 | OK | |||
r-oldrel-windows-x86_64 | 0.9.5 | 19.00 | 174.00 | 193.00 | OK |
Version: 0.9.5
Check: Rd files
Result: NOTE
checkRd: (-1) boot.Rd:57: Lost braces
57 | \item{plot}{A logical that indicates whether a plot should be constructed. If \code{confint} then a histogram of the \code{parm} parameters from the bootstrap samples with error bars that illustrate the bootstrapped confidence intervals will be constructed. If code{htest} then a histogram of the \code{parm} parameters with a vertical line illustrating the \code{bo} value will be constructed.}
| ^
checkRd: (-1) knitUtil.Rd:75: Lost braces
75 | \item{addTOC}{A logical that indicates whether or not a table of contents entry for the reproducibility section should be added to the LaTeX output. Used only if \R{out="latex"}}
| ^
checkRd: (-1) knitUtil.Rd:77: Lost braces
77 | \item{newpage}{A logical that indicates whether or not the reproducibility information should begin on a new page. Used only if \R{out="latex"}}
| ^
checkRd: (-1) knitUtil.Rd:79: Lost braces
79 | \item{links}{A named character vector that will add a links bullet to the reproducibility information. The names will be shown and the values are the links. Used only if \R{out="markdown}.}
| ^
checkRd: (-1) nlsBoot.Rd:46: Lost braces
46 | \item{plot}{A logical that indicates whether a plot should be constructed. If \code{confint}, then a histogram of the \code{parm} parameters from the bootstrap samples with error bars that illustrate the bootstrapped confidence intervals will be constructed. If code{htest}, then a histogram of the \code{parm} parameters with a vertical lines illustrating the \code{bo}value will be constructed.}
| ^
checkRd: (-1) psdCI.Rd:27: Lost braces
27 | \item{bin.type}{A string that identifies the type of method to use for calculation of the confidence intervals when \R{method="binomial"}. See details of \code{\link{binCI}}.}
| ^
Flavors: r-devel-linux-x86_64-debian-clang, r-devel-linux-x86_64-debian-gcc, r-devel-linux-x86_64-fedora-clang, r-devel-linux-x86_64-fedora-gcc, r-devel-windows-x86_64, r-patched-linux-x86_64, r-release-linux-x86_64, r-release-macos-arm64, r-release-windows-x86_64
These binaries (installable software) and packages are in development.
They may not be fully stable and should be used with caution. We make no claims about them.
Health stats visible at Monitor.