Last updated on 2025-10-30 19:53:24 CET.
| Flavor | Version | Tinstall | Tcheck | Ttotal | Status | Flags | 
|---|---|---|---|---|---|---|
| r-devel-linux-x86_64-debian-clang | 1.6.0 | 63.66 | 483.31 | 546.97 | NOTE | |
| r-devel-linux-x86_64-debian-gcc | 1.6.0 | 47.48 | 297.40 | 344.88 | NOTE | |
| r-devel-linux-x86_64-fedora-clang | 1.6.0 | 108.00 | 751.08 | 859.08 | NOTE | |
| r-devel-linux-x86_64-fedora-gcc | 1.6.0 | 286.00 | 663.64 | 949.64 | NOTE | |
| r-devel-windows-x86_64 | 1.6.0 | 79.00 | 838.00 | 917.00 | OK | |
| r-patched-linux-x86_64 | 1.6.0 | 66.30 | 454.94 | 521.24 | OK | |
| r-release-linux-x86_64 | 1.6.0 | 69.63 | 451.97 | 521.60 | OK | |
| r-release-macos-arm64 | 1.6.0 | 23.00 | 163.00 | 186.00 | OK | |
| r-release-macos-x86_64 | 1.6.0 | 39.00 | 335.00 | 374.00 | OK | |
| r-release-windows-x86_64 | 1.6.0 | 81.00 | 590.00 | 671.00 | OK | |
| r-oldrel-macos-arm64 | 1.6.0 | 22.00 | 198.00 | 220.00 | NOTE | |
| r-oldrel-macos-x86_64 | 1.6.0 | 35.00 | 335.00 | 370.00 | NOTE | |
| r-oldrel-windows-x86_64 | 1.6.0 | 92.00 | 627.00 | 719.00 | NOTE | 
Version: 1.6.0
Check: Rd files
Result: NOTE
  checkRd: (-1) Rioja.data.Rd:13-25: Only 4 columns allowed in this table (row 1 has 3)
  checkRd: (-1) Rioja.data.Rd:13-25: Only 4 columns allowed in this table (row 2 has 3)
  checkRd: (-1) Rioja.data.Rd:13-25: Only 4 columns allowed in this table (row 3 has 3)
  checkRd: (-1) Rioja.data.Rd:13-25: Only 4 columns allowed in this table (row 4 has 3)
  checkRd: (-1) Rioja.data.Rd:13-25: Only 4 columns allowed in this table (row 5 has 3)
  checkRd: (-1) Rioja.data.Rd:13-25: Only 4 columns allowed in this table (row 6 has 3)
  checkRd: (-1) Rioja.data.Rd:13-25: Only 4 columns allowed in this table (row 7 has 3)
  checkRd: (-1) Rioja.data.Rd:13-25: Only 4 columns allowed in this table (row 8 has 3)
  checkRd: (-1) Rioja.data.Rd:13-25: Only 4 columns allowed in this table (row 9 has 3)
  checkRd: (-1) Rioja.data.Rd:13-25: Only 4 columns allowed in this table (row 10 has 3)
  checkRd: (-1) Rioja.data.Rd:13-25: Only 4 columns allowed in this table (row 11 has 3)
  checkRd: (-1) Rioja.data.Rd:13-25: Only 4 columns allowed in this table (row 12 has 3)
  checkRd: (-1) Rioja.simulations.Rd:12-28: Only 4 columns allowed in this table (row 1 has 3)
  checkRd: (-1) Rioja.simulations.Rd:12-28: Only 4 columns allowed in this table (row 2 has 3)
  checkRd: (-1) Rioja.simulations.Rd:12-28: Only 4 columns allowed in this table (row 3 has 3)
  checkRd: (-1) Rioja.simulations.Rd:12-28: Only 4 columns allowed in this table (row 4 has 3)
  checkRd: (-1) Rioja.simulations.Rd:12-28: Only 4 columns allowed in this table (row 5 has 3)
  checkRd: (-1) Rioja.simulations.Rd:12-28: Only 4 columns allowed in this table (row 6 has 3)
  checkRd: (-1) Rioja.simulations.Rd:12-28: Only 4 columns allowed in this table (row 7 has 3)
  checkRd: (-1) Rioja.simulations.Rd:12-28: Only 4 columns allowed in this table (row 8 has 3)
  checkRd: (-1) Rioja.simulations.Rd:12-28: Only 4 columns allowed in this table (row 9 has 3)
  checkRd: (-1) Rioja.simulations.Rd:12-28: Only 4 columns allowed in this table (row 10 has 1)
  checkRd: (-1) Rioja.simulations.Rd:12-28: Only 4 columns allowed in this table (row 11 has 3)
  checkRd: (-1) Rioja.simulations.Rd:12-28: Only 4 columns allowed in this table (row 12 has 3)
  checkRd: (-1) Rioja.simulations.Rd:12-28: Only 4 columns allowed in this table (row 13 has 3)
  checkRd: (-1) Rioja.simulations.Rd:12-28: Only 4 columns allowed in this table (row 14 has 3)
  checkRd: (-1) Rioja.simulations.Rd:12-28: Only 4 columns allowed in this table (row 15 has 3)
  checkRd: (-1) Rioja.simulations.Rd:12-28: Only 4 columns allowed in this table (row 16 has 3)
  checkRd: (-1) Rioja.simulations.Rd:12-28: Only 4 columns allowed in this table (row 17 has 3)
  checkRd: (-1) Rioja.simulations.Rd:31-47: Only 4 columns allowed in this table (row 1 has 3)
  checkRd: (-1) Rioja.simulations.Rd:31-47: Only 4 columns allowed in this table (row 2 has 3)
  checkRd: (-1) Rioja.simulations.Rd:31-47: Only 4 columns allowed in this table (row 3 has 3)
  checkRd: (-1) Rioja.simulations.Rd:31-47: Only 4 columns allowed in this table (row 4 has 3)
  checkRd: (-1) Rioja.simulations.Rd:31-47: Only 4 columns allowed in this table (row 5 has 3)
  checkRd: (-1) Rioja.simulations.Rd:31-47: Only 4 columns allowed in this table (row 6 has 3)
  checkRd: (-1) Rioja.simulations.Rd:31-47: Only 4 columns allowed in this table (row 7 has 3)
  checkRd: (-1) Rioja.simulations.Rd:31-47: Only 4 columns allowed in this table (row 8 has 3)
  checkRd: (-1) Rioja.simulations.Rd:31-47: Only 4 columns allowed in this table (row 9 has 3)
  checkRd: (-1) Rioja.simulations.Rd:31-47: Only 4 columns allowed in this table (row 10 has 1)
  checkRd: (-1) Rioja.simulations.Rd:31-47: Only 4 columns allowed in this table (row 11 has 3)
  checkRd: (-1) Rioja.simulations.Rd:31-47: Only 4 columns allowed in this table (row 12 has 3)
  checkRd: (-1) Rioja.simulations.Rd:31-47: Only 4 columns allowed in this table (row 13 has 3)
  checkRd: (-1) Rioja.simulations.Rd:31-47: Only 4 columns allowed in this table (row 14 has 3)
  checkRd: (-1) Rioja.simulations.Rd:31-47: Only 4 columns allowed in this table (row 15 has 3)
  checkRd: (-1) Rioja.simulations.Rd:31-47: Only 4 columns allowed in this table (row 16 has 3)
  checkRd: (-1) Rioja.simulations.Rd:31-47: Only 4 columns allowed in this table (row 17 has 3)
  checkRd: (-1) Rioja.simulations.Rd:52-68: Only 4 columns allowed in this table (row 1 has 3)
  checkRd: (-1) Rioja.simulations.Rd:52-68: Only 4 columns allowed in this table (row 2 has 3)
  checkRd: (-1) Rioja.simulations.Rd:52-68: Only 4 columns allowed in this table (row 3 has 3)
  checkRd: (-1) Rioja.simulations.Rd:52-68: Only 4 columns allowed in this table (row 4 has 3)
  checkRd: (-1) Rioja.simulations.Rd:52-68: Only 4 columns allowed in this table (row 5 has 3)
  checkRd: (-1) Rioja.simulations.Rd:52-68: Only 4 columns allowed in this table (row 6 has 3)
  checkRd: (-1) Rioja.simulations.Rd:52-68: Only 4 columns allowed in this table (row 7 has 3)
  checkRd: (-1) Rioja.simulations.Rd:52-68: Only 4 columns allowed in this table (row 8 has 3)
  checkRd: (-1) Rioja.simulations.Rd:52-68: Only 4 columns allowed in this table (row 9 has 3)
  checkRd: (-1) Rioja.simulations.Rd:52-68: Only 4 columns allowed in this table (row 10 has 1)
  checkRd: (-1) Rioja.simulations.Rd:52-68: Only 4 columns allowed in this table (row 11 has 3)
  checkRd: (-1) Rioja.simulations.Rd:52-68: Only 4 columns allowed in this table (row 12 has 3)
  checkRd: (-1) Rioja.simulations.Rd:52-68: Only 4 columns allowed in this table (row 13 has 3)
  checkRd: (-1) Rioja.simulations.Rd:52-68: Only 4 columns allowed in this table (row 14 has 3)
  checkRd: (-1) Rioja.simulations.Rd:52-68: Only 4 columns allowed in this table (row 15 has 3)
  checkRd: (-1) Rioja.simulations.Rd:52-68: Only 4 columns allowed in this table (row 16 has 3)
  checkRd: (-1) Rioja.simulations.Rd:52-68: Only 4 columns allowed in this table (row 17 has 3)
Flavors: r-devel-linux-x86_64-debian-clang, r-devel-linux-x86_64-debian-gcc, r-devel-linux-x86_64-fedora-clang, r-devel-linux-x86_64-fedora-gcc
Version: 1.6.0
Check: installed package size
Result: NOTE
    installed size is 16.9Mb
    sub-directories of 1Mb or more:
      data   2.7Mb
      doc    1.2Mb
      libs  12.3Mb
Flavors: r-oldrel-macos-arm64, r-oldrel-macos-x86_64, r-oldrel-windows-x86_64
These binaries (installable software) and packages are in development.
They may not be fully stable and should be used with caution. We make no claims about them.
Health stats visible at Monitor.