Last updated on 2025-02-23 19:51:05 CET.
Flavor | Version | Tinstall | Tcheck | Ttotal | Status | Flags |
---|---|---|---|---|---|---|
r-devel-linux-x86_64-debian-clang | 0.1-4 | 3.84 | 23.63 | 27.47 | NOTE | |
r-devel-linux-x86_64-debian-gcc | 0.1-4 | 2.95 | 18.16 | 21.11 | NOTE | |
r-devel-linux-x86_64-fedora-clang | 0.1-4 | 42.65 | NOTE | |||
r-devel-linux-x86_64-fedora-gcc | 0.1-4 | 41.39 | NOTE | |||
r-devel-macos-arm64 | 0.1-4 | 16.00 | NOTE | |||
r-devel-macos-x86_64 | 0.1-4 | 29.00 | NOTE | |||
r-devel-windows-x86_64 | 0.1-4 | 7.00 | 47.00 | 54.00 | NOTE | |
r-patched-linux-x86_64 | 0.1-4 | 3.61 | 22.51 | 26.12 | NOTE | |
r-release-linux-x86_64 | 0.1-4 | 3.82 | 22.50 | 26.32 | NOTE | |
r-release-macos-arm64 | 0.1-4 | 17.00 | NOTE | |||
r-release-macos-x86_64 | 0.1-4 | 36.00 | NOTE | |||
r-release-windows-x86_64 | 0.1-4 | 7.00 | 43.00 | 50.00 | NOTE | |
r-oldrel-macos-arm64 | 0.1-4 | 17.00 | OK | |||
r-oldrel-macos-x86_64 | 0.1-4 | 25.00 | OK | |||
r-oldrel-windows-x86_64 | 0.1-4 | 12.00 | 45.00 | 57.00 | OK |
Version: 0.1-4
Check: Rd files
Result: NOTE
checkRd: (-1) Estable.Rd:40: Lost braces
40 | \code{dEstable}{ gives the density function;}
| ^
checkRd: (-1) Estable.Rd:41: Lost braces
41 | \code{pEstable}{ gives the distribution function or its complement;}
| ^
checkRd: (-1) Estable.Rd:42: Lost braces
42 | \code{qEstable}{ gives quantiles;}
| ^
checkRd: (-1) Estable.Rd:43-56: Lost braces
43 | \code{tailsEstable}{ returns a list with the following components
| ^
checkRd: (-1) FMstable.Rd:50: Lost braces
50 | \code{dFMstable}{ gives the density function;}
| ^
checkRd: (-1) FMstable.Rd:51: Lost braces
51 | \code{pFMstable}{ gives the distribution function or its complement;}
| ^
checkRd: (-1) FMstable.Rd:52: Lost braces
52 | \code{qFMstable}{ gives quantiles;}
| ^
checkRd: (-1) FMstable.Rd:53-66: Lost braces
53 | \code{tailsFMstable}{ returns a list with the following components
| ^
Flavors: r-devel-linux-x86_64-debian-clang, r-devel-linux-x86_64-debian-gcc, r-devel-linux-x86_64-fedora-clang, r-devel-linux-x86_64-fedora-gcc, r-devel-macos-arm64, r-devel-macos-x86_64, r-devel-windows-x86_64, r-patched-linux-x86_64, r-release-linux-x86_64, r-release-macos-arm64, r-release-macos-x86_64, r-release-windows-x86_64
These binaries (installable software) and packages are in development.
They may not be fully stable and should be used with caution. We make no claims about them.
Health stats visible at Monitor.