Last updated on 2025-02-23 15:49:42 CET.
Flavor | Version | Tinstall | Tcheck | Ttotal | Status | Flags |
---|---|---|---|---|---|---|
r-devel-linux-x86_64-debian-clang | 0.4.0 | 92.82 | 1083.78 | 1176.60 | OK | |
r-devel-linux-x86_64-debian-gcc | 0.4.0 | 65.16 | 582.76 | 647.92 | OK | |
r-devel-linux-x86_64-fedora-clang | 0.4.0 | 1566.81 | OK | |||
r-devel-linux-x86_64-fedora-gcc | 0.4.0 | 1436.42 | OK | |||
r-devel-macos-arm64 | 0.3.0 | 321.00 | OK | |||
r-devel-macos-x86_64 | 0.4.0 | 530.00 | OK | |||
r-devel-windows-x86_64 | 0.4.0 | 81.00 | 673.00 | 754.00 | ERROR | |
r-patched-linux-x86_64 | 0.4.0 | 84.39 | 784.83 | 869.22 | OK | |
r-release-linux-x86_64 | 0.4.0 | 87.30 | 781.73 | 869.03 | OK | |
r-release-macos-arm64 | 0.3.0 | 303.00 | NOTE | |||
r-release-macos-x86_64 | 0.4.0 | 581.00 | NOTE | |||
r-release-windows-x86_64 | 0.4.0 | 79.00 | 689.00 | 768.00 | ERROR | |
r-oldrel-macos-arm64 | 0.3.0 | 548.00 | NOTE | |||
r-oldrel-macos-x86_64 | 0.4.0 | 932.00 | NOTE | |||
r-oldrel-windows-x86_64 | 0.4.0 | 109.00 | 977.00 | 1086.00 | OK |
Version: 0.4.0
Check: re-building of vignette outputs
Result: ERROR
Error(s) in re-building vignettes:
--- re-building 'Using-FLORAL-for-Microbiome-Analysis.Rmd' using rmarkdown
0% 10 20 30 40 50 60 70 80 90 100%
[----|----|----|----|----|----|----|----|----|----|
**************************************************|
0% 10 20 30 40 50 60 70 80 90 100%
[----|----|----|----|----|----|----|----|----|----|
**************************************************|
0% 10 20 30 40 50 60 70 80 90 100%
[----|----|----|----|----|----|----|----|----|----|
**************************************************|
0% 10 20 30 40 50 60 70 80 90 100%
[----|----|----|----|----|----|----|----|----|----|
**************************************************|
0% 10 20 30 40 50 60 70 80 90 100%
[----|----|----|----|----|----|----|----|----|----|
**************************************************|
0% 10 20 30 40 50 60 70 80 90 100%
[----|----|----|----|----|----|----|----|----|----|
**************************************************|
0% 10 20 30 40 50 60 70 80 90 100%
[----|----|----|----|----|----|----|----|----|----|
**************************************************|
0% 10 20 30 40 50 60 70 80 90 100%
[----|----|----|----|----|----|----|----|----|----|
**************************************************|
0% 10 20 30 40 50 60 70 80 90 100%
[----|----|----|----|----|----|----|----|----|----|
**************************************************|
0% 10 20 30 40 50 60 70 80 90 100%
[----|----|----|----|----|----|----|----|----|----|
**************************************************|
0% 10 20 30 40 50 60 70 80 90 100%
[----|----|----|----|----|----|----|----|----|----|
**************************************************|
--- finished re-building 'Using-FLORAL-for-Microbiome-Analysis.Rmd'
--- re-building 'Using-FLORAL-for-survival-models-with-longitudinal-microbiome-data.Rmd' using rmarkdown
--- finished re-building 'Using-FLORAL-for-survival-models-with-longitudinal-microbiome-data.Rmd'
--- re-building 'Using-FLORAL-with-phyloseq.Rmd' using rmarkdown
Quitting from lines 26-41 [unnamed-chunk-1] (Using-FLORAL-with-phyloseq.Rmd)
Error: processing vignette 'Using-FLORAL-with-phyloseq.Rmd' failed with diagnostics:
cannot read from connection
--- failed re-building 'Using-FLORAL-with-phyloseq.Rmd'
SUMMARY: processing the following file failed:
'Using-FLORAL-with-phyloseq.Rmd'
Error: Vignette re-building failed.
Execution halted
Flavors: r-devel-windows-x86_64, r-release-windows-x86_64
Version: 0.3.0
Check: installed package size
Result: NOTE
installed size is 7.5Mb
sub-directories of 1Mb or more:
libs 6.4Mb
Flavors: r-release-macos-arm64, r-oldrel-macos-arm64
Version: 0.4.0
Check: installed package size
Result: NOTE
installed size is 8.4Mb
sub-directories of 1Mb or more:
doc 1.2Mb
libs 6.5Mb
Flavors: r-release-macos-x86_64, r-oldrel-macos-x86_64
These binaries (installable software) and packages are in development.
They may not be fully stable and should be used with caution. We make no claims about them.
Health stats visible at Monitor.