CRAN Package Check Results for Package FIESTA

Last updated on 2025-02-23 15:49:42 CET.

Flavor Version Tinstall Tcheck Ttotal Status Flags
r-devel-linux-x86_64-debian-clang 3.7.0 53.80 449.86 503.66 OK
r-devel-linux-x86_64-debian-gcc 3.7.0 34.89 294.08 328.97 OK
r-devel-linux-x86_64-fedora-clang 3.7.0 768.67 OK
r-devel-linux-x86_64-fedora-gcc 3.7.0 737.71 OK
r-devel-macos-arm64 3.7.0 110.00 OK
r-devel-macos-x86_64 3.7.0 298.00 OK
r-devel-windows-x86_64 3.7.0 46.00 358.00 404.00 OK
r-patched-linux-x86_64 3.7.0 51.10 404.55 455.65 OK
r-release-linux-x86_64 3.7.0 48.22 398.17 446.39 OK
r-release-macos-arm64 3.7.0 171.00 NOTE
r-release-macos-x86_64 3.7.0 346.00 NOTE
r-release-windows-x86_64 3.7.0 49.00 355.00 404.00 NOTE
r-oldrel-macos-arm64 3.6.4 279.00 NOTE
r-oldrel-macos-x86_64 3.7.0 475.00 NOTE
r-oldrel-windows-x86_64 3.7.0 69.00 431.00 500.00 NOTE

Check Details

Version: 3.7.0
Check: installed package size
Result: NOTE installed size is 11.5Mb sub-directories of 1Mb or more: R 5.6Mb doc 2.1Mb extdata 2.1Mb Flavors: r-release-macos-arm64, r-release-macos-x86_64, r-release-windows-x86_64, r-oldrel-macos-x86_64, r-oldrel-windows-x86_64

Version: 3.6.4
Check: installed package size
Result: NOTE installed size is 11.7Mb sub-directories of 1Mb or more: R 5.7Mb doc 2.3Mb extdata 2.1Mb Flavor: r-oldrel-macos-arm64

These binaries (installable software) and packages are in development.
They may not be fully stable and should be used with caution. We make no claims about them.
Health stats visible at Monitor.