Last updated on 2025-10-30 17:49:59 CET.
| Flavor | Version | Tinstall | Tcheck | Ttotal | Status | Flags |
|---|---|---|---|---|---|---|
| r-devel-linux-x86_64-debian-clang | 3.7.1 | 52.65 | 441.77 | 494.42 | NOTE | |
| r-devel-linux-x86_64-debian-gcc | 3.7.1 | 33.57 | 282.50 | 316.07 | NOTE | |
| r-devel-linux-x86_64-fedora-clang | 3.7.1 | 125.00 | 633.88 | 758.88 | NOTE | |
| r-devel-linux-x86_64-fedora-gcc | 3.7.1 | 231.00 | 554.58 | 785.58 | NOTE | |
| r-devel-windows-x86_64 | 3.7.1 | 51.00 | 353.00 | 404.00 | OK | |
| r-patched-linux-x86_64 | 3.7.1 | 53.60 | 406.46 | 460.06 | OK | |
| r-release-linux-x86_64 | 3.7.1 | 47.19 | 407.34 | 454.53 | OK | |
| r-release-macos-arm64 | 3.7.1 | 20.00 | 180.00 | 200.00 | OK | |
| r-release-macos-x86_64 | 3.7.1 | 43.00 | 181.00 | 224.00 | OK | |
| r-release-windows-x86_64 | 3.7.1 | 50.00 | 355.00 | 405.00 | OK | |
| r-oldrel-macos-arm64 | 3.7.1 | 17.00 | 159.00 | 176.00 | NOTE | |
| r-oldrel-macos-x86_64 | 3.7.1 | 35.00 | 186.00 | 221.00 | NOTE | |
| r-oldrel-windows-x86_64 | 3.7.1 | 73.00 | 462.00 | 535.00 | NOTE |
Version: 3.7.1
Check: Rd files
Result: NOTE
checkRd: (-1) modGBpop.Rd:210-219: Only 3 columns allowed in this table (row 1 has 2)
checkRd: (-1) modMAratio.Rd:144-159: Only 3 columns allowed in this table (row 4 has 2)
checkRd: (-1) modPB.Rd:137-155: Only 3 columns allowed in this table (row 7 has 1)
checkRd: (-1) modPB.Rd:157-184: Only 3 columns allowed in this table (row 14 has 1)
Flavors: r-devel-linux-x86_64-debian-clang, r-devel-linux-x86_64-debian-gcc, r-devel-linux-x86_64-fedora-clang, r-devel-linux-x86_64-fedora-gcc
Version: 3.7.1
Check: installed package size
Result: NOTE
installed size is 10.7Mb
sub-directories of 1Mb or more:
R 5.6Mb
doc 1.4Mb
extdata 2.1Mb
Flavors: r-oldrel-macos-arm64, r-oldrel-macos-x86_64, r-oldrel-windows-x86_64
These binaries (installable software) and packages are in development.
They may not be fully stable and should be used with caution. We make no claims about them.
Health stats visible at Monitor.