Last updated on 2025-10-31 05:48:41 CET.
| Flavor | Version | Tinstall | Tcheck | Ttotal | Status | Flags | 
|---|---|---|---|---|---|---|
| r-devel-linux-x86_64-debian-clang | 1.3 | 16.71 | 30.41 | 47.12 | OK | |
| r-devel-linux-x86_64-debian-gcc | 1.3 | 14.49 | 25.41 | 39.90 | OK | |
| r-devel-linux-x86_64-fedora-clang | 1.3 | 44.00 | 35.12 | 79.12 | OK | |
| r-devel-linux-x86_64-fedora-gcc | 1.3 | 55.00 | 25.12 | 80.12 | OK | |
| r-devel-windows-x86_64 | 1.3 | 32.00 | 87.00 | 119.00 | OK | |
| r-patched-linux-x86_64 | 1.3 | 19.63 | 28.65 | 48.28 | OK | |
| r-release-linux-x86_64 | 1.2 | 19.62 | 29.09 | 48.71 | WARN | |
| r-release-macos-arm64 | 1.3 | 10.00 | 42.00 | 52.00 | OK | |
| r-release-macos-x86_64 | 1.3 | 46.00 | 87.00 | 133.00 | OK | |
| r-release-windows-x86_64 | 1.3 | 28.00 | 91.00 | 119.00 | OK | |
| r-oldrel-macos-arm64 | 1.3 | 10.00 | 24.00 | 34.00 | NOTE | |
| r-oldrel-macos-x86_64 | 1.3 | 63.00 | 62.00 | 125.00 | NOTE | |
| r-oldrel-windows-x86_64 | 1.3 | 39.00 | 84.00 | 123.00 | OK | 
Version: 1.2
Check: whether package can be installed
Result: WARN
  Found the following significant warnings:
    FBFsearch.cpp:164:17: warning: ‘bool arma::is_finite(eT, const typename arma_scalar_only<eT>::result*) [with eT = double; typename arma_scalar_only<eT>::result = double]’ is deprecated: change arma::is_finite(val) to std::isfinite(val) [-Wdeprecated-declarations]
    FBFsearch.cpp:229:17: warning: ‘bool arma::is_finite(eT, const typename arma_scalar_only<eT>::result*) [with eT = double; typename arma_scalar_only<eT>::result = double]’ is deprecated: change arma::is_finite(val) to std::isfinite(val) [-Wdeprecated-declarations]
    FBFsearch.cpp:318:27: warning: ‘static out_eT arma::conv_to<out_eT>::from(const arma::Base<eT2, expr>&, const typename arma::arma_not_cx<in_eT>::result*) [with in_eT = double; T1 = arma::eGlue<arma::Mat<double>, arma::Glue<arma::Op<arma::Mat<double>, arma::op_htrans>, arma::Col<double>, arma::glue_times>, arma::eglue_minus>; out_eT = double; typename arma::arma_not_cx<in_eT>::result = double]’ is deprecated: replace conv_to<...>::from(X) with as_scalar(X) [-Wdeprecated-declarations]
    FBFsearch.cpp:320:45: warning: ‘static out_eT arma::conv_to<out_eT>::from(const arma::Base<eT2, expr>&, const typename arma::arma_not_cx<in_eT>::result*) [with in_eT = double; T1 = arma::subview_elem1<double, arma::Mat<unsigned int> >; out_eT = double; typename arma::arma_not_cx<in_eT>::result = double]’ is deprecated: replace conv_to<...>::from(X) with as_scalar(X) [-Wdeprecated-declarations]
    FBFsearch.cpp:321:25: warning: ‘static out_eT arma::conv_to<out_eT>::from(const arma::Base<eT2, expr>&, const typename arma::arma_not_cx<in_eT>::result*) [with in_eT = unsigned int; T1 = arma::Mat<unsigned int>; out_eT = long unsigned int; typename arma::arma_not_cx<in_eT>::result = unsigned int]’ is deprecated: replace conv_to<...>::from(X) with as_scalar(X) [-Wdeprecated-declarations]
    FBFsearch.cpp:326:30: warning: ‘static out_eT arma::conv_to<out_eT>::from(const arma::Base<eT2, expr>&, const typename arma::arma_not_cx<in_eT>::result*) [with in_eT = double; T1 = arma::subview_elem1<double, arma::Mat<unsigned int> >; out_eT = double; typename arma::arma_not_cx<in_eT>::result = double]’ is deprecated: replace conv_to<...>::from(X) with as_scalar(X) [-Wdeprecated-declarations]
    FBFsearch.cpp:340:21: warning: ‘typename arma::arma_real_only<T>::result arma::log_add(eT, eT) [with eT = double; typename arma_real_only<T>::result = double]’ is deprecated [-Wdeprecated-declarations]
    FBFsearch.cpp:341:21: warning: ‘typename arma::arma_real_only<T>::result arma::log_add(eT, eT) [with eT = double; typename arma_real_only<T>::result = double]’ is deprecated [-Wdeprecated-declarations]
    FBFsearch.cpp:357:36: warning: ‘static out_eT arma::conv_to<out_eT>::from(const arma::Base<eT2, expr>&, const typename arma::arma_not_cx<in_eT>::result*) [with in_eT = double; T1 = arma::Mat<double>; out_eT = double; typename arma::arma_not_cx<in_eT>::result = double]’ is deprecated: replace conv_to<...>::from(X) with as_scalar(X) [-Wdeprecated-declarations]
    FBFsearch.cpp:362:28: warning: ‘static out_eT arma::conv_to<out_eT>::from(const arma::Base<eT2, expr>&, const typename arma::arma_not_cx<in_eT>::result*) [with in_eT = double; T1 = arma::eGlue<arma::Mat<double>, arma::Glue<arma::Op<arma::Mat<double>, arma::op_htrans>, arma::Col<double>, arma::glue_times>, arma::eglue_minus>; out_eT = double; typename arma::arma_not_cx<in_eT>::result = double]’ is deprecated: replace conv_to<...>::from(X) with as_scalar(X) [-Wdeprecated-declarations]
    FBFsearch.cpp:376:16: warning: ‘bool arma::is_finite(eT, const typename arma_scalar_only<eT>::result*) [with eT = double; typename arma_scalar_only<eT>::result = double]’ is deprecated: change arma::is_finite(val) to std::isfinite(val) [-Wdeprecated-declarations]
    FBFsearch.cpp:429:32: warning: ‘static out_eT arma::conv_to<out_eT>::from(const arma::Base<eT2, expr>&, const typename arma::arma_not_cx<in_eT>::result*) [with in_eT = double; T1 = arma::Mat<double>; out_eT = double; typename arma::arma_not_cx<in_eT>::result = double]’ is deprecated: replace conv_to<...>::from(X) with as_scalar(X) [-Wdeprecated-declarations]
    FBFsearch.cpp:436:24: warning: ‘typename arma::arma_real_only<T>::result arma::log_add(eT, eT) [with eT = double; typename arma_real_only<T>::result = double]’ is deprecated [-Wdeprecated-declarations]
    FBFsearch.cpp:439:41: warning: ‘typename arma::arma_real_only<T>::result arma::log_add(eT, eT) [with eT = double; typename arma_real_only<T>::result = double]’ is deprecated [-Wdeprecated-declarations]
    FBFsearch.cpp:445:25: warning: ‘typename arma::arma_real_only<T>::result arma::log_add(eT, eT) [with eT = double; typename arma_real_only<T>::result = double]’ is deprecated [-Wdeprecated-declarations]
    FBFsearch.cpp:460:18: warning: ‘eT arma::Mat<eT>::max(arma::uword&) const [with eT = double; arma::uword = unsigned int]’ is deprecated: use .index_max() instead [-Wdeprecated-declarations]
    FBFsearch.cpp:472:18: warning: ‘bool arma::is_finite(const Base<typename T1::elem_type, T1>&) [with T1 = Mat<double>; typename T1::elem_type = double]’ is deprecated: change arma::is_finite(X) to X.is_finite() [-Wdeprecated-declarations]
    FBFsearch.cpp:498:18: warning: ‘eT arma::Mat<eT>::max(arma::uword&) const [with eT = double; arma::uword = unsigned int]’ is deprecated: use .index_max() instead [-Wdeprecated-declarations]
    FBFsearch.cpp:514:36: warning: ‘static out_eT arma::conv_to<out_eT>::from(const arma::Base<eT2, expr>&, const typename arma::arma_not_cx<in_eT>::result*) [with in_eT = double; T1 = arma::Mat<double>; out_eT = double; typename arma::arma_not_cx<in_eT>::result = double]’ is deprecated: replace conv_to<...>::from(X) with as_scalar(X) [-Wdeprecated-declarations]
    FBFsearch.cpp:521:28: warning: ‘typename arma::arma_real_only<T>::result arma::log_add(eT, eT) [with eT = double; typename arma_real_only<T>::result = double]’ is deprecated [-Wdeprecated-declarations]
    FBFsearch.cpp:524:45: warning: ‘typename arma::arma_real_only<T>::result arma::log_add(eT, eT) [with eT = double; typename arma_real_only<T>::result = double]’ is deprecated [-Wdeprecated-declarations]
    FBFsearch.cpp:637:25: warning: ‘typename arma::arma_real_only<T>::result arma::log_add(eT, eT) [with eT = double; typename arma_real_only<T>::result = double]’ is deprecated [-Wdeprecated-declarations]
    FBFsearch.cpp:706:22: warning: ‘typename arma::arma_real_only<T>::result arma::log_add(eT, eT) [with eT = double; typename arma_real_only<T>::result = double]’ is deprecated [-Wdeprecated-declarations]
    FBFsearch.cpp:799:23: warning: ‘typename arma::arma_real_only<T>::result arma::log_add(eT, eT) [with eT = double; typename arma_real_only<T>::result = double]’ is deprecated [-Wdeprecated-declarations]
  See ‘/home/hornik/tmp/R.check/r-release-gcc/Work/PKGS/FBFsearch.Rcheck/00install.out’ for details.
  * used C compiler: ‘gcc-14 (Debian 14.3.0-8) 14.3.0’
  * used C++ compiler: ‘g++-14 (Debian 14.3.0-8) 14.3.0’
Flavor: r-release-linux-x86_64
Version: 1.3
Check: installed package size
Result: NOTE
    installed size is  5.9Mb
    sub-directories of 1Mb or more:
      data   3.5Mb
      libs   2.3Mb
Flavors: r-oldrel-macos-arm64, r-oldrel-macos-x86_64
These binaries (installable software) and packages are in development.
They may not be fully stable and should be used with caution. We make no claims about them.
Health stats visible at Monitor.