CRAN Package Check Results for Package FASeg

Last updated on 2025-05-15 09:52:15 CEST.

Flavor Version Tinstall Tcheck Ttotal Status Flags
r-devel-linux-x86_64-debian-clang 0.1.9 2.04 19.29 21.33 NOTE
r-devel-linux-x86_64-debian-gcc 0.1.9 1.72 15.89 17.61 NOTE
r-devel-linux-x86_64-fedora-clang 0.1.9 33.79 OK
r-devel-linux-x86_64-fedora-gcc 0.1.9 31.52 OK
r-devel-windows-x86_64 0.1.9 3.00 35.00 38.00 OK
r-patched-linux-x86_64 0.1.9 1.79 18.85 20.64 OK
r-release-linux-x86_64 0.1.9 2.12 18.72 20.84 OK
r-release-macos-arm64 0.1.9 16.00 OK
r-release-macos-x86_64 0.1.9 24.00 OK
r-release-windows-x86_64 0.1.9 2.00 36.00 38.00 OK
r-oldrel-macos-arm64 0.1.9 15.00 OK
r-oldrel-macos-x86_64 0.1.9 22.00 OK
r-oldrel-windows-x86_64 0.1.9 3.00 36.00 39.00 OK

Check Details

Version: 0.1.9
Check: CRAN incoming feasibility
Result: NOTE Maintainer: ‘Emilie Lebarbier <emilie.lebarbier@agroparistech.fr>’ No Authors@R field in DESCRIPTION. Please add one, modifying Authors@R: c(person(given = "Xavier", family = "Collilieux", role = "aut"), person(given = "Emilie", family = "Lebarbier", role = c("aut", "cre"), email = "emilie.lebarbier@agroparistech.fr"), person(given = "Stephane", family = "Robin", role = "aut")) as necessary. The Description field contains <arXiv:1505.05660>. Please refer to arXiv e-prints via their arXiv DOI <doi:10.48550/arXiv.YYMM.NNNNN>. Found the following \keyword or \concept entries which likely give several index terms: File ‘FASeg-package.Rd’: \keyword{Dynamic programming; EM algorithm; Factor [TRUNCATED] Flavors: r-devel-linux-x86_64-debian-clang, r-devel-linux-x86_64-debian-gcc

These binaries (installable software) and packages are in development.
They may not be fully stable and should be used with caution. We make no claims about them.
Health stats visible at Monitor.