CRAN Package Check Results for Package FAS

Last updated on 2025-05-17 17:49:19 CEST.

Flavor Version Tinstall Tcheck Ttotal Status Flags
r-devel-linux-x86_64-debian-clang 1.0.0 9.07 51.29 60.36 NOTE
r-devel-linux-x86_64-debian-gcc 1.0.0 6.21 39.18 45.39 NOTE
r-devel-linux-x86_64-fedora-clang 1.0.0 90.55 OK
r-devel-linux-x86_64-fedora-gcc 1.0.0 87.93 OK
r-devel-windows-x86_64 1.0.0 12.00 72.00 84.00 OK
r-patched-linux-x86_64 1.0.0 8.01 48.78 56.79 OK
r-release-linux-x86_64 1.0.0 7.93 48.81 56.74 OK
r-release-macos-arm64 1.0.0 35.00 OK
r-release-macos-x86_64 1.0.0 58.00 OK
r-release-windows-x86_64 1.0.0 12.00 74.00 86.00 OK
r-oldrel-macos-arm64 1.0.0 31.00 OK
r-oldrel-macos-x86_64 1.0.0 47.00 OK
r-oldrel-windows-x86_64 1.0.0 14.00 83.00 97.00 OK

Additional issues

Intel

Check Details

Version: 1.0.0
Check: CRAN incoming feasibility
Result: NOTE Maintainer: ‘Jonas Striaukas <jonas.striaukas@gmail.com>’ The Description field contains Striaukas (2023) <arXiv:2307.13364>. Please refer to arXiv e-prints via their arXiv DOI <doi:10.48550/arXiv.YYMM.NNNNN>. Flavors: r-devel-linux-x86_64-debian-clang, r-devel-linux-x86_64-debian-gcc

These binaries (installable software) and packages are in development.
They may not be fully stable and should be used with caution. We make no claims about them.
Health stats visible at Monitor.