Last updated on 2025-10-30 19:53:24 CET.
| Flavor | Version | Tinstall | Tcheck | Ttotal | Status | Flags | 
|---|---|---|---|---|---|---|
| r-devel-linux-x86_64-debian-clang | 2.6 | 2.63 | 39.05 | 41.68 | NOTE | |
| r-devel-linux-x86_64-debian-gcc | 2.6 | 2.15 | 31.06 | 33.21 | NOTE | |
| r-devel-linux-x86_64-fedora-clang | 2.6 | 63.32 | NOTE | |||
| r-devel-linux-x86_64-fedora-gcc | 2.6 | 60.06 | NOTE | |||
| r-devel-windows-x86_64 | 2.6 | 4.00 | 58.00 | 62.00 | NOTE | |
| r-patched-linux-x86_64 | 2.6 | 2.87 | 36.78 | 39.65 | NOTE | |
| r-release-linux-x86_64 | 2.6 | 2.34 | 36.42 | 38.76 | NOTE | |
| r-release-macos-arm64 | 2.6 | 1.00 | 26.00 | 27.00 | NOTE | |
| r-release-macos-x86_64 | 2.6 | 2.00 | 44.00 | 46.00 | NOTE | |
| r-release-windows-x86_64 | 2.6 | 4.00 | 57.00 | 61.00 | NOTE | |
| r-oldrel-macos-arm64 | 2.6 | 1.00 | 23.00 | 24.00 | NOTE | |
| r-oldrel-macos-x86_64 | 2.6 | 2.00 | 33.00 | 35.00 | NOTE | |
| r-oldrel-windows-x86_64 | 2.6 | 3.00 | 64.00 | 67.00 | NOTE | 
Version: 2.6
Check: CRAN incoming feasibility
Result: NOTE
  Maintainer: ‘David Causeur <David.Causeur@agrocampus-ouest.fr>’
  
  No Authors@R field in DESCRIPTION.
  Please add one, modifying
    Authors@R: c(person(given = "David",
                        family = "Causeur",
                        role = c("aut", "cre"),
                        email = "david.causeur@agrocampus-ouest.fr"),
                 person(given = "Chloe",
                        family = "Friguet",
                        role = "aut"),
                 person(given = "Magalie",
                        family = "Houee-Bigot",
                        role = "aut"),
                 person(given = "Maela",
                        family = "Kloareg",
                        role = "aut"))
  as necessary.
Flavors: r-devel-linux-x86_64-debian-clang, r-devel-linux-x86_64-debian-gcc
Version: 2.6
Check: Rd files
Result: NOTE
  checkRd: (-1) pi0FAMT.Rd:18: Lost braces
      18 | \code{pi0}{The estimated proportion \code{pi0} of null hypotheses.}}
         |           ^
Flavors: r-devel-linux-x86_64-debian-clang, r-devel-linux-x86_64-debian-gcc, r-devel-linux-x86_64-fedora-clang, r-devel-linux-x86_64-fedora-gcc, r-devel-windows-x86_64, r-patched-linux-x86_64, r-release-linux-x86_64, r-release-macos-arm64, r-release-macos-x86_64, r-release-windows-x86_64, r-oldrel-macos-arm64, r-oldrel-macos-x86_64, r-oldrel-windows-x86_64
Version: 2.6
Check: Rd cross-references
Result: NOTE
  Found the following Rd file(s) with Rd \link{} targets missing package
  anchors:
    as.FAMTdata.Rd: impute.knn
  Please provide package anchors for all Rd \link{} targets not in the
  package itself and the base packages.
Flavors: r-devel-linux-x86_64-debian-clang, r-devel-linux-x86_64-debian-gcc, r-devel-windows-x86_64, r-patched-linux-x86_64, r-release-linux-x86_64, r-release-windows-x86_64
These binaries (installable software) and packages are in development.
They may not be fully stable and should be used with caution. We make no claims about them.
Health stats visible at Monitor.