Last updated on 2025-05-17 17:49:19 CEST.
Flavor | Version | Tinstall | Tcheck | Ttotal | Status | Flags |
---|---|---|---|---|---|---|
r-devel-linux-x86_64-debian-clang | 1.3.5 | 8.13 | 68.93 | 77.06 | NOTE | |
r-devel-linux-x86_64-debian-gcc | 1.3.5 | 5.97 | 52.98 | 58.95 | NOTE | |
r-devel-linux-x86_64-fedora-clang | 1.3.5 | 117.63 | OK | |||
r-devel-linux-x86_64-fedora-gcc | 1.3.5 | 113.40 | OK | |||
r-devel-windows-x86_64 | 1.3.5 | 9.00 | 79.00 | 88.00 | OK | |
r-patched-linux-x86_64 | 1.3.5 | 7.00 | 66.21 | 73.21 | OK | |
r-release-linux-x86_64 | 1.3.5 | 6.62 | 67.40 | 74.02 | OK | |
r-release-macos-arm64 | 1.3.5 | 42.00 | OK | |||
r-release-macos-x86_64 | 1.3.5 | 77.00 | OK | |||
r-release-windows-x86_64 | 1.3.5 | 8.00 | 80.00 | 88.00 | OK | |
r-oldrel-macos-arm64 | 1.3.5 | 37.00 | OK | |||
r-oldrel-macos-x86_64 | 1.3.5 | 54.00 | OK | |||
r-oldrel-windows-x86_64 | 1.3.5 | 11.00 | 96.00 | 107.00 | OK |
Version: 1.3.5
Check: CRAN incoming feasibility
Result: NOTE
Maintainer: ‘David Causeur <david.causeur@agrocampus-ouest.fr>’
No Authors@R field in DESCRIPTION.
Please add one, modifying
Authors@R: c(person(given = "Emeline",
family = "Perthame",
role = "aut",
comment = "Institut Pasteur, Paris, France"),
person(given = "Chloe",
family = "Friguet",
role = "aut",
comment = "Universite de Bretagne Sud, Vannes, France"),
person(given = "David",
family = "Causeur",
role = c("aut", "cre"),
email = "david.causeur@agrocampus-ouest.fr",
comment = "Agrocampus\n Ouest, Rennes, France"))
as necessary.
Flavors: r-devel-linux-x86_64-debian-clang, r-devel-linux-x86_64-debian-gcc
These binaries (installable software) and packages are in development.
They may not be fully stable and should be used with caution. We make no claims about them.
Health stats visible at Monitor.