Last updated on 2024-05-02 09:51:31 CEST.
Flavor | Version | Tinstall | Tcheck | Ttotal | Status | Flags |
---|---|---|---|---|---|---|
r-devel-linux-x86_64-debian-clang | 0.0.4-1 | 39.01 | 200.42 | 239.43 | NOTE | |
r-devel-linux-x86_64-debian-gcc | 0.0.4-1 | 34.90 | 134.31 | 169.21 | NOTE | |
r-devel-linux-x86_64-fedora-clang | 0.0.4-1 | 291.69 | NOTE | |||
r-devel-linux-x86_64-fedora-gcc | 0.0.4-1 | 279.07 | NOTE | |||
r-devel-windows-x86_64 | 0.0.4-1 | 39.00 | 140.00 | 179.00 | NOTE | |
r-patched-linux-x86_64 | 0.0.4-1 | 30.04 | 184.13 | 214.17 | NOTE | |
r-release-linux-x86_64 | 0.0.4-1 | 35.10 | 182.95 | 218.05 | NOTE | |
r-release-macos-arm64 | 0.0.4-1 | 70.00 | NOTE | |||
r-release-windows-x86_64 | 0.0.4-1 | 38.00 | 144.00 | 182.00 | NOTE | |
r-oldrel-macos-arm64 | 0.0.4-1 | 71.00 | OK | |||
r-oldrel-macos-x86_64 | 0.0.4-1 | 135.00 | OK | |||
r-oldrel-windows-x86_64 | 0.0.4-1 | 51.00 | 183.00 | 234.00 | OK |
Version: 0.0.4-1
Check: Rd files
Result: NOTE
checkRd: (-1) WindSpeedGust.Rd:18: Lost braces in \itemize; meant \describe ?
checkRd: (-1) WindSpeedGust.Rd:19: Lost braces in \itemize; meant \describe ?
checkRd: (-1) WindSpeedGust.Rd:20: Lost braces in \itemize; meant \describe ?
checkRd: (-1) WindSpeedGust.Rd:25: Lost braces in \itemize; meant \describe ?
checkRd: (-1) WindSpeedGust.Rd:26: Lost braces in \itemize; meant \describe ?
checkRd: (-1) WindSpeedGust.Rd:27: Lost braces in \itemize; meant \describe ?
checkRd: (-1) fExtDep.Rd:59: Lost braces in \itemize; \value handles \item{}{} directly
checkRd: (-1) fExtDep.Rd:60: Lost braces in \itemize; \value handles \item{}{} directly
checkRd: (-1) fExtDep.Rd:61: Lost braces in \itemize; \value handles \item{}{} directly
checkRd: (-1) fExtDep.Rd:62: Lost braces in \itemize; \value handles \item{}{} directly
checkRd: (-1) fExtDep.Rd:68: Lost braces in \itemize; \value handles \item{}{} directly
checkRd: (-1) fExtDep.Rd:69-70: Lost braces in \itemize; \value handles \item{}{} directly
checkRd: (-1) fExtDep.Rd:71-72: Lost braces in \itemize; \value handles \item{}{} directly
checkRd: (-1) fExtDep.Rd:73: Lost braces in \itemize; \value handles \item{}{} directly
checkRd: (-1) fExtDep.Rd:74: Lost braces in \itemize; \value handles \item{}{} directly
checkRd: (-1) fExtDep.Rd:75: Lost braces in \itemize; \value handles \item{}{} directly
checkRd: (-1) fExtDep.Rd:76: Lost braces in \itemize; \value handles \item{}{} directly
checkRd: (-1) fExtDep.Rd:77: Lost braces in \itemize; \value handles \item{}{} directly
checkRd: (-1) fExtDep.Rd:78: Lost braces in \itemize; \value handles \item{}{} directly
checkRd: (-1) fExtDep.Rd:79: Lost braces in \itemize; \value handles \item{}{} directly
checkRd: (-1) fExtDep.Rd:80: Lost braces in \itemize; \value handles \item{}{} directly
checkRd: (-1) fExtDep.Rd:81: Lost braces in \itemize; \value handles \item{}{} directly
checkRd: (-1) fExtDep.np.Rd:44: Lost braces in \itemize; meant \describe ?
checkRd: (-1) fExtDep.np.Rd:45: Lost braces in \itemize; meant \describe ?
checkRd: (-1) fExtDep.np.Rd:46: Lost braces in \itemize; meant \describe ?
checkRd: (-1) fExtDep.np.Rd:47: Lost braces in \itemize; meant \describe ?
checkRd: (-1) fExtDep.np.Rd:59: Lost braces in \itemize; \value handles \item{}{} directly
checkRd: (-1) fExtDep.np.Rd:64: Lost braces in \itemize; \value handles \item{}{} directly
checkRd: (-1) fExtDep.np.Rd:65: Lost braces in \itemize; \value handles \item{}{} directly
checkRd: (-1) fExtDep.np.Rd:66: Lost braces in \itemize; \value handles \item{}{} directly
checkRd: (-1) fExtDep.np.Rd:67: Lost braces in \itemize; \value handles \item{}{} directly
checkRd: (-1) fExtDep.np.Rd:68: Lost braces in \itemize; \value handles \item{}{} directly
checkRd: (-1) fExtDep.np.Rd:69: Lost braces in \itemize; \value handles \item{}{} directly
checkRd: (-1) fExtDep.np.Rd:70: Lost braces in \itemize; \value handles \item{}{} directly
checkRd: (-1) fExtDep.np.Rd:71: Lost braces in \itemize; \value handles \item{}{} directly
checkRd: (-1) fExtDep.np.Rd:72: Lost braces in \itemize; \value handles \item{}{} directly
checkRd: (-1) fExtDep.np.Rd:76: Lost braces in \itemize; \value handles \item{}{} directly
checkRd: (-1) fExtDep.np.Rd:77: Lost braces in \itemize; \value handles \item{}{} directly
checkRd: (-1) fExtDep.np.Rd:78: Lost braces in \itemize; \value handles \item{}{} directly
checkRd: (-1) fExtDep.np.Rd:79: Lost braces in \itemize; \value handles \item{}{} directly
checkRd: (-1) fExtDep.np.Rd:80: Lost braces in \itemize; \value handles \item{}{} directly
checkRd: (-1) fExtDep.np.Rd:84: Lost braces in \itemize; \value handles \item{}{} directly
checkRd: (-1) fExtDep.np.Rd:85: Lost braces in \itemize; \value handles \item{}{} directly
checkRd: (-1) fExtDep.np.Rd:92: Lost braces in \itemize; \value handles \item{}{} directly
checkRd: (-1) fExtDep.np.Rd:93: Lost braces in \itemize; \value handles \item{}{} directly
checkRd: (-1) fExtDep.np.Rd:94: Lost braces in \itemize; \value handles \item{}{} directly
checkRd: (-1) fExtDep.np.Rd:95: Lost braces in \itemize; \value handles \item{}{} directly
checkRd: (-1) fExtDep.np.Rd:96: Lost braces in \itemize; \value handles \item{}{} directly
checkRd: (-1) fExtDep.np.Rd:97: Lost braces in \itemize; \value handles \item{}{} directly
checkRd: (-1) fExtDep.np.Rd:98: Lost braces in \itemize; \value handles \item{}{} directly
checkRd: (-1) fGEV.Rd:39: Lost braces in \itemize; \value handles \item{}{} directly
checkRd: (-1) fGEV.Rd:40: Lost braces in \itemize; \value handles \item{}{} directly
checkRd: (-1) fGEV.Rd:41: Lost braces in \itemize; \value handles \item{}{} directly
checkRd: (-1) fGEV.Rd:42: Lost braces in \itemize; \value handles \item{}{} directly
checkRd: (-1) fGEV.Rd:43: Lost braces in \itemize; \value handles \item{}{} directly
checkRd: (-1) fGEV.Rd:44: Lost braces in \itemize; \value handles \item{}{} directly
checkRd: (-1) fGEV.Rd:45: Lost braces in \itemize; \value handles \item{}{} directly
checkRd: (-1) heat.Rd:16: Lost braces in \itemize; meant \describe ?
checkRd: (-1) heat.Rd:19: Lost braces in \itemize; meant \describe ?
checkRd: (-1) heat.Rd:22: Lost braces in \itemize; meant \describe ?
checkRd: (-1) index.ExtDep.Rd:26: Lost braces
26 | For the skew-normal distribution, the lower tail dependence function is defined as in Bortot (2010). This is an approximation where the tail dependence is obtained in the limiting case where \code{u}{u} goes to eqn{1}{1}. The \code{par} argument should be a vector of length \eqn{3}{3} comprising of the correlation parameter, between \eqn{-1}{-1} and \eqn{1}{1} and two real-valued skewness parameters.
| ^
checkRd: (-1) index.ExtDep.Rd:26: Lost braces
26 | For the skew-normal distribution, the lower tail dependence function is defined as in Bortot (2010). This is an approximation where the tail dependence is obtained in the limiting case where \code{u}{u} goes to eqn{1}{1}. The \code{par} argument should be a vector of length \eqn{3}{3} comprising of the correlation parameter, between \eqn{-1}{-1} and \eqn{1}{1} and two real-valued skewness parameters.
| ^
checkRd: (-1) index.ExtDep.Rd:26: Lost braces
26 | For the skew-normal distribution, the lower tail dependence function is defined as in Bortot (2010). This is an approximation where the tail dependence is obtained in the limiting case where \code{u}{u} goes to eqn{1}{1}. The \code{par} argument should be a vector of length \eqn{3}{3} comprising of the correlation parameter, between \eqn{-1}{-1} and \eqn{1}{1} and two real-valued skewness parameters.
| ^
checkRd: (-1) plot_ExtDep.np.Rd:26: Lost braces in \itemize; meant \describe ?
checkRd: (-1) plot_ExtDep.np.Rd:27: Lost braces in \itemize; meant \describe ?
checkRd: (-1) plot_ExtDep.np.Rd:28: Lost braces in \itemize; meant \describe ?
checkRd: (-1) rExtDepSpat.Rd:26: Lost braces in \itemize; meant \describe ?
checkRd: (-1) rExtDepSpat.Rd:27: Lost braces in \itemize; meant \describe ?
checkRd: (-1) rExtDepSpat.Rd:32: Lost braces in \itemize; meant \describe ?
checkRd: (-1) rExtDepSpat.Rd:33: Lost braces in \itemize; meant \describe ?
checkRd: (-1) rExtDepSpat.Rd:34: Lost braces in \itemize; meant \describe ?
checkRd: (-1) rExtDepSpat.Rd:35: Lost braces in \itemize; meant \describe ?
checkRd: (-1) rExtDepSpat.Rd:36: Lost braces in \itemize; meant \describe ?
checkRd: (-1) rExtDepSpat.Rd:37: Lost braces in \itemize; meant \describe ?
checkRd: (-1) rExtDepSpat.Rd:42: Lost braces in \itemize; meant \describe ?
checkRd: (-1) rExtDepSpat.Rd:43: Lost braces in \itemize; meant \describe ?
checkRd: (-1) rExtDepSpat.Rd:44: Lost braces in \itemize; meant \describe ?
checkRd: (-1) rExtDepSpat.Rd:51: Lost braces in \itemize; \value handles \item{}{} directly
checkRd: (-1) rExtDepSpat.Rd:52: Lost braces in \itemize; \value handles \item{}{} directly
checkRd: (-1) summary_ExtDep.Rd:29: Lost braces in \itemize; \value handles \item{}{} directly
checkRd: (-1) summary_ExtDep.Rd:30: Lost braces in \itemize; \value handles \item{}{} directly
checkRd: (-1) summary_ExtDep.Rd:31: Lost braces in \itemize; \value handles \item{}{} directly
checkRd: (-1) summary_ExtDep.Rd:32: Lost braces in \itemize; \value handles \item{}{} directly
checkRd: (-1) summary_ExtDep.Rd:33: Lost braces in \itemize; \value handles \item{}{} directly
checkRd: (-1) summary_ExtDep.Rd:34: Lost braces in \itemize; \value handles \item{}{} directly
checkRd: (-1) summary_ExtDep.Rd:35: Lost braces in \itemize; \value handles \item{}{} directly
checkRd: (-1) summary_ExtDep.Rd:36: Lost braces in \itemize; \value handles \item{}{} directly
checkRd: (-1) summary_ExtDep.Rd:37: Lost braces in \itemize; \value handles \item{}{} directly
checkRd: (-1) summary_ExtDep.Rd:38: Lost braces in \itemize; \value handles \item{}{} directly
checkRd: (-1) summary_ExtDep.Rd:39: Lost braces in \itemize; \value handles \item{}{} directly
checkRd: (-1) summary_ExtDep.Rd:40: Lost braces in \itemize; \value handles \item{}{} directly
checkRd: (-1) summary_ExtDep.Rd:44: Lost braces in \itemize; \value handles \item{}{} directly
checkRd: (-1) summary_ExtDep.Rd:45: Lost braces in \itemize; \value handles \item{}{} directly
checkRd: (-1) summary_ExtDep.Rd:46: Lost braces in \itemize; \value handles \item{}{} directly
checkRd: (-1) summary_ExtDep.Rd:47: Lost braces in \itemize; \value handles \item{}{} directly
Flavors: r-devel-linux-x86_64-debian-clang, r-devel-linux-x86_64-debian-gcc, r-devel-linux-x86_64-fedora-clang, r-devel-linux-x86_64-fedora-gcc, r-devel-windows-x86_64, r-patched-linux-x86_64, r-release-linux-x86_64, r-release-macos-arm64, r-release-windows-x86_64
These binaries (installable software) and packages are in development.
They may not be fully stable and should be used with caution. We make no claims about them.
Health stats visible at Monitor.