CRAN Package Check Results for Package ExplodeLayout

Last updated on 2025-05-17 09:49:10 CEST.

Flavor Version Tinstall Tcheck Ttotal Status Flags
r-devel-linux-x86_64-debian-clang 0.1.2 1.77 21.45 23.22 NOTE
r-devel-linux-x86_64-debian-gcc 0.1.2 1.29 17.05 18.34 NOTE
r-devel-linux-x86_64-fedora-clang 0.1.2 35.52 OK
r-devel-linux-x86_64-fedora-gcc 0.1.2 33.32 OK
r-devel-windows-x86_64 0.1.2 3.00 41.00 44.00 OK
r-patched-linux-x86_64 0.1.2 1.98 19.45 21.43 OK
r-release-linux-x86_64 0.1.2 1.63 19.17 20.80 OK
r-release-macos-arm64 0.1.2 16.00 OK
r-release-macos-x86_64 0.1.2 25.00 OK
r-release-windows-x86_64 0.1.2 4.00 41.00 45.00 OK
r-oldrel-macos-arm64 0.1.2 16.00 OK
r-oldrel-macos-x86_64 0.1.2 21.00 OK
r-oldrel-windows-x86_64 0.1.2 4.00 46.00 50.00 OK

Check Details

Version: 0.1.2
Check: CRAN incoming feasibility
Result: NOTE Maintainer: ‘Weibin Zhang <weibzhan@utmb.edu>’ Found the following (possibly) invalid URLs: URL: PMID: 28815099 From: DESCRIPTION Message: Invalid URI scheme Flavors: r-devel-linux-x86_64-debian-clang, r-devel-linux-x86_64-debian-gcc

These binaries (installable software) and packages are in development.
They may not be fully stable and should be used with caution. We make no claims about them.
Health stats visible at Monitor.