Last updated on 2025-02-23 19:51:04 CET.
Flavor | Version | Tinstall | Tcheck | Ttotal | Status | Flags |
---|---|---|---|---|---|---|
r-devel-linux-x86_64-debian-clang | 0.9 | 10.34 | 82.34 | 92.68 | NOTE | |
r-devel-linux-x86_64-debian-gcc | 0.9 | 6.61 | 61.28 | 67.89 | NOTE | |
r-devel-linux-x86_64-fedora-clang | 0.9 | 145.25 | NOTE | |||
r-devel-linux-x86_64-fedora-gcc | 0.9 | 151.22 | NOTE | |||
r-devel-macos-arm64 | 0.9 | 44.00 | NOTE | |||
r-devel-macos-x86_64 | 0.9 | 78.00 | NOTE | |||
r-devel-windows-x86_64 | 0.9 | 10.00 | 88.00 | 98.00 | NOTE | |
r-patched-linux-x86_64 | 0.9 | 10.04 | 74.65 | 84.69 | NOTE | |
r-release-linux-x86_64 | 0.9 | 9.55 | 74.75 | 84.30 | NOTE | |
r-release-macos-arm64 | 0.9 | 40.00 | NOTE | |||
r-release-macos-x86_64 | 0.9 | 64.00 | NOTE | |||
r-release-windows-x86_64 | 0.9 | 12.00 | 84.00 | 96.00 | NOTE | |
r-oldrel-macos-arm64 | 0.9 | 44.00 | OK | |||
r-oldrel-macos-x86_64 | 0.9 | 64.00 | OK | |||
r-oldrel-windows-x86_64 | 0.9 | 14.00 | 124.00 | 138.00 | OK |
Version: 0.9
Check: Rd files
Result: NOTE
checkRd: (-1) ShapeDist.Rd:18: Lost braces; missing escapes or markup?
18 | Procrustes distance provides a measure of coincidence of two point sets {xi} and {yi}, i=1..N. For this purpose the variance of point deviations is calculated at the optimal superposition of the sets. It allows to characterize the shape proximity of a given simplex to shape of a reference one.
| ^
checkRd: (-1) ShapeDist.Rd:18: Lost braces; missing escapes or markup?
18 | Procrustes distance provides a measure of coincidence of two point sets {xi} and {yi}, i=1..N. For this purpose the variance of point deviations is calculated at the optimal superposition of the sets. It allows to characterize the shape proximity of a given simplex to shape of a reference one.
| ^
Flavors: r-devel-linux-x86_64-debian-clang, r-devel-linux-x86_64-debian-gcc, r-devel-linux-x86_64-fedora-clang, r-devel-linux-x86_64-fedora-gcc, r-devel-macos-arm64, r-devel-macos-x86_64, r-devel-windows-x86_64, r-patched-linux-x86_64, r-release-linux-x86_64, r-release-macos-arm64, r-release-macos-x86_64, r-release-windows-x86_64
These binaries (installable software) and packages are in development.
They may not be fully stable and should be used with caution. We make no claims about them.
Health stats visible at Monitor.