Last updated on 2025-02-23 15:49:42 CET.
Flavor | Version | Tinstall | Tcheck | Ttotal | Status | Flags |
---|---|---|---|---|---|---|
r-devel-linux-x86_64-debian-clang | 1.1 | 5.71 | 83.93 | 89.64 | NOTE | |
r-devel-linux-x86_64-debian-gcc | 1.1 | 3.83 | 64.51 | 68.34 | NOTE | |
r-devel-linux-x86_64-fedora-clang | 1.1 | 119.85 | NOTE | |||
r-devel-linux-x86_64-fedora-gcc | 1.1 | 123.84 | NOTE | |||
r-devel-macos-arm64 | 1.1 | 49.00 | NOTE | |||
r-devel-macos-x86_64 | 1.1 | 115.00 | NOTE | |||
r-devel-windows-x86_64 | 1.1 | 8.00 | 84.00 | 92.00 | NOTE | |
r-patched-linux-x86_64 | 1.1 | 5.21 | 79.98 | 85.19 | NOTE | |
r-release-linux-x86_64 | 1.1 | 5.54 | 80.69 | 86.23 | NOTE | |
r-release-macos-arm64 | 1.1 | 46.00 | NOTE | |||
r-release-macos-x86_64 | 1.1 | 73.00 | NOTE | |||
r-release-windows-x86_64 | 1.1 | 7.00 | 80.00 | 87.00 | NOTE | |
r-oldrel-macos-arm64 | 1.1 | 42.00 | OK | |||
r-oldrel-macos-x86_64 | 1.1 | 75.00 | OK | |||
r-oldrel-windows-x86_64 | 1.1 | 9.00 | 104.00 | 113.00 | OK |
Version: 1.1
Check: Rd files
Result: NOTE
checkRd: (-1) CTN.Rd:22: Lost braces; missing escapes or markup?
22 | less memory. Genetic data consists of nucleotide data {A,T,C,G} and are usually saved
| ^
Flavors: r-devel-linux-x86_64-debian-clang, r-devel-linux-x86_64-debian-gcc, r-devel-linux-x86_64-fedora-clang, r-devel-linux-x86_64-fedora-gcc, r-devel-macos-arm64, r-devel-macos-x86_64, r-devel-windows-x86_64, r-patched-linux-x86_64, r-release-linux-x86_64, r-release-macos-arm64, r-release-macos-x86_64, r-release-windows-x86_64
These binaries (installable software) and packages are in development.
They may not be fully stable and should be used with caution. We make no claims about them.
Health stats visible at Monitor.