CRAN Package Check Results for Package EnsCat

Last updated on 2025-05-17 15:50:41 CEST.

Flavor Version Tinstall Tcheck Ttotal Status Flags
r-devel-linux-x86_64-debian-clang 1.1 6.26 90.24 96.50 NOTE
r-devel-linux-x86_64-debian-gcc 1.1 4.05 62.92 66.97 NOTE
r-devel-linux-x86_64-fedora-clang 1.1 133.40 NOTE
r-devel-linux-x86_64-fedora-gcc 1.1 126.42 NOTE
r-devel-windows-x86_64 1.1 8.00 85.00 93.00 NOTE
r-patched-linux-x86_64 1.1 5.78 88.96 94.74 NOTE
r-release-linux-x86_64 1.1 5.83 89.43 95.26 NOTE
r-release-macos-arm64 1.1 48.00 NOTE
r-release-macos-x86_64 1.1 115.00 NOTE
r-release-windows-x86_64 1.1 8.00 84.00 92.00 NOTE
r-oldrel-macos-arm64 1.1 46.00 NOTE
r-oldrel-macos-x86_64 1.1 73.00 NOTE
r-oldrel-windows-x86_64 1.1 10.00 108.00 118.00 NOTE

Check Details

Version: 1.1
Check: CRAN incoming feasibility
Result: NOTE Maintainer: ‘Saeid Amiri <saeid.amiri1@gmail.com>’ No Authors@R field in DESCRIPTION. Please add one, modifying Authors@R: c(person(given = "Saeid", family = "Amiri", role = c("aut", "cre"), email = "saeid.amiri1@gmail.com"), person(given = "Bertrand", family = "Clarke", role = "aut"), person(given = "Jennifer", family = "Clarke.", role = "aut")) as necessary. The Description field contains <arXiv:1506.07930>. Please refer to arXiv e-prints via their arXiv DOI <doi:10.48550/arXiv.YYMM.NNNNN>. Flavors: r-devel-linux-x86_64-debian-clang, r-devel-linux-x86_64-debian-gcc

Version: 1.1
Check: Rd files
Result: NOTE checkRd: (-1) CTN.Rd:22: Lost braces; missing escapes or markup? 22 | less memory. Genetic data consists of nucleotide data {A,T,C,G} and are usually saved | ^ Flavors: r-devel-linux-x86_64-debian-clang, r-devel-linux-x86_64-debian-gcc, r-devel-linux-x86_64-fedora-clang, r-devel-linux-x86_64-fedora-gcc, r-devel-windows-x86_64, r-patched-linux-x86_64, r-release-linux-x86_64, r-release-macos-arm64, r-release-macos-x86_64, r-release-windows-x86_64, r-oldrel-macos-arm64, r-oldrel-macos-x86_64, r-oldrel-windows-x86_64

These binaries (installable software) and packages are in development.
They may not be fully stable and should be used with caution. We make no claims about them.
Health stats visible at Monitor.