Last updated on 2025-10-09 21:50:16 CEST.
Flavor | Version | Tinstall | Tcheck | Ttotal | Status | Flags |
---|---|---|---|---|---|---|
r-devel-linux-x86_64-debian-clang | 1.4-12 | 1.97 | 73.49 | 75.46 | OK | |
r-devel-linux-x86_64-debian-gcc | 1.4-12 | 1.93 | 53.57 | 55.50 | OK | |
r-devel-linux-x86_64-fedora-clang | 1.4-12 | 121.44 | OK | |||
r-devel-linux-x86_64-fedora-gcc | 1.4-12 | 138.36 | OK | |||
r-devel-windows-x86_64 | 1.4-12 | 5.00 | 121.00 | 126.00 | FAIL | |
r-patched-linux-x86_64 | 1.4-12 | 2.83 | 70.45 | 73.28 | OK | |
r-release-linux-x86_64 | 1.4-12 | 2.82 | 70.33 | 73.15 | OK | |
r-release-macos-arm64 | 1.4-12 | 56.00 | OK | |||
r-release-macos-x86_64 | 1.4-12 | 132.00 | OK | |||
r-release-windows-x86_64 | 1.4-12 | 4.00 | 119.00 | 123.00 | OK | |
r-oldrel-macos-arm64 | 1.4-12 | 47.00 | OK | |||
r-oldrel-macos-x86_64 | 1.4-12 | 62.00 | OK | |||
r-oldrel-windows-x86_64 | 1.4-12 | 6.00 | 148.00 | 154.00 | OK |
Version: 1.4-12
Check: HTML version of manual
Result: FAIL
Flavor: r-devel-windows-x86_64
These binaries (installable software) and packages are in development.
They may not be fully stable and should be used with caution. We make no claims about them.
Health stats visible at Monitor.