Last updated on 2024-05-02 01:56:57 CEST.
Flavor | Version | Tinstall | Tcheck | Ttotal | Status | Flags |
---|---|---|---|---|---|---|
r-devel-linux-x86_64-debian-clang | 0.1.4 | 10.40 | 123.15 | 133.55 | NOTE | |
r-devel-linux-x86_64-debian-gcc | 0.1.4 | 11.67 | 89.93 | 101.60 | NOTE | |
r-devel-linux-x86_64-fedora-clang | 0.1.4 | 168.09 | NOTE | |||
r-devel-linux-x86_64-fedora-gcc | 0.1.4 | 157.35 | NOTE | |||
r-devel-windows-x86_64 | 0.1.4 | 13.00 | 101.00 | 114.00 | OK | |
r-patched-linux-x86_64 | 0.1.4 | 14.16 | 116.91 | 131.07 | NOTE | |
r-release-linux-x86_64 | 0.1.4 | 11.97 | 115.84 | 127.81 | NOTE | |
r-release-macos-arm64 | 0.1.4 | 46.00 | OK | |||
r-release-windows-x86_64 | 0.1.4 | 13.00 | 99.00 | 112.00 | OK | |
r-oldrel-macos-arm64 | 0.1.4 | 52.00 | OK | |||
r-oldrel-macos-x86_64 | 0.1.4 | 86.00 | OK | |||
r-oldrel-windows-x86_64 | 0.1.4 | 18.00 | 125.00 | 143.00 | OK |
Version: 0.1.4
Check: Rd line widths
Result: NOTE
Rd file 'ema.powercurve.Rd':
\examples lines wider than 100 characters:
## Not run: ema.powercurve(NumbPart=80,NumbResp=200,COL.8="orange",COL.5="#FF5733",COL.3="#8E44AD")
These lines will be truncated in the PDF manual.
Flavors: r-devel-linux-x86_64-debian-clang, r-devel-linux-x86_64-debian-gcc, r-devel-linux-x86_64-fedora-clang, r-devel-linux-x86_64-fedora-gcc, r-patched-linux-x86_64, r-release-linux-x86_64
These binaries (installable software) and packages are in development.
They may not be fully stable and should be used with caution. We make no claims about them.
Health stats visible at Monitor.