Last updated on 2025-02-23 15:49:41 CET.
Flavor | Version | Tinstall | Tcheck | Ttotal | Status | Flags |
---|---|---|---|---|---|---|
r-devel-linux-x86_64-debian-clang | 0.4-11 | 11.30 | 242.44 | 253.74 | NOTE | |
r-devel-linux-x86_64-debian-gcc | 0.4-11 | 8.29 | 187.23 | 195.52 | NOTE | |
r-devel-linux-x86_64-fedora-clang | 0.4-11 | 389.02 | NOTE | |||
r-devel-linux-x86_64-fedora-gcc | 0.4-11 | 391.92 | NOTE | |||
r-devel-macos-arm64 | 0.4-11 | 138.00 | NOTE | |||
r-devel-macos-x86_64 | 0.4-11 | 368.00 | NOTE | |||
r-devel-windows-x86_64 | 0.4-11 | 11.00 | 317.00 | 328.00 | NOTE | |
r-patched-linux-x86_64 | 0.4-11 | 10.49 | 229.55 | 240.04 | NOTE | |
r-release-linux-x86_64 | 0.4-11 | 10.69 | 230.59 | 241.28 | NOTE | |
r-release-macos-arm64 | 0.4-11 | 128.00 | NOTE | |||
r-release-macos-x86_64 | 0.4-11 | 204.00 | NOTE | |||
r-release-windows-x86_64 | 0.4-11 | 13.00 | 314.00 | 327.00 | NOTE | |
r-oldrel-macos-arm64 | 0.4-11 | 152.00 | OK | |||
r-oldrel-macos-x86_64 | 0.4-11 | 245.00 | OK | |||
r-oldrel-windows-x86_64 | 0.4-11 | 15.00 | 360.00 | 375.00 | OK |
Version: 0.4-11
Check: Rd files
Result: NOTE
checkRd: (-1) build_lastdose.Rd:10: Lost braces
10 | code{build_lastdose}: build PK oral with lastdose information
| ^
checkRd: (-1) mod-internal.Rd:18: Lost braces
18 | code{colflow_mod}: build a comparison of potentially duplicate flow data
| ^
checkRd: (-1) mod-internal.Rd:21: Lost braces
21 | code{findMedFlowRow_mod}: find row numbers for matching ID and time
| ^
checkRd: (-1) mod-internal.Rd:23: Lost braces
23 | code{flowData_mod}: correct flow data
| ^
checkRd: (-1) mod-internal.Rd:25: Lost braces
25 | code{concData_mod}: correct concentration data
| ^
checkRd: (-1) mod-internal.Rd:27: Lost braces
27 | code{infusionData_mod}: combine flow and MAR data; standardize hourly rate,
| ^
checkRd: (-1) mod-internal.Rd:30: Lost braces
30 | code{resolveDoseDups_mod}: correct duplicated infusion and bolus doses
| ^
checkRd: (-1) mod-internal.Rd:32: Lost braces
32 | code{writeCheckData}
| ^
checkRd: (-1) mod-internal.Rd:34: Lost braces
34 | code{processErx}: prepare e-prescription data
| ^
checkRd: (-1) mod-internal.Rd:36: Lost braces
36 | code{processErxAddl}: additional processing, checking for connected observations
| ^
checkRd: (-1) mod-internal.Rd:38: Lost braces
38 | code{validateColumns}: check columns are in place
| ^
checkRd: (-1) mod-internal.Rd:40: Lost braces
40 | code{read}: generic read function
| ^
checkRd: (-1) mod-internal.Rd:42: Lost braces
42 | code{setDoseMar}: set unit/rate/date columns
| ^
checkRd: (-1) pk-internal.Rd:19: Lost braces
19 | code{takeClosest}: take value at nearest time
| ^
checkRd: (-1) pk-internal.Rd:22: Lost braces
22 | code{takeClosestTime}: find nearest time
| ^
checkRd: (-1) pk-internal.Rd:24: Lost braces
24 | code{daysDiff}: number of days between two dates
| ^
checkRd: (-1) pk-internal.Rd:26: Lost braces
26 | code{minDiff}: difference (in minutes) of time vector
| ^
checkRd: (-1) pk-internal.Rd:28: Lost braces
28 | code{fixDates}: add leading zeroes to date
| ^
checkRd: (-1) pk-internal.Rd:30: Lost braces
30 | code{joinFlowMar}: rbind two data sets
| ^
checkRd: (-1) pk-internal.Rd:32: Lost braces
32 | code{updateInterval_mod}: replace maxint with difference between surgery time
| ^
checkRd: (-1) pk-internal.Rd:35: Lost braces
35 | code{fix_serum_time}: create time variable
| ^
checkRd: (-1) pk-internal.Rd:37: Lost braces
37 | code{merge_by_time}: impute in x by closest time in y
| ^
checkRd: (-1) pk-internal.Rd:39: Lost braces
39 | code{merge_inf_bolus}: combine infusion and bolus into one hourly dose file
| ^
checkRd: (-1) pk-internal.Rd:41: Lost braces
41 | code{addZeroDose}: add rows of zero dose, after a gap
| ^
checkRd: (-1) pk-internal.Rd:43: Lost braces
43 | code{pkdata}
| ^
Flavors: r-devel-linux-x86_64-debian-clang, r-devel-linux-x86_64-debian-gcc, r-devel-linux-x86_64-fedora-clang, r-devel-linux-x86_64-fedora-gcc, r-devel-macos-arm64, r-devel-macos-x86_64, r-devel-windows-x86_64, r-patched-linux-x86_64, r-release-linux-x86_64, r-release-macos-arm64, r-release-macos-x86_64, r-release-windows-x86_64
These binaries (installable software) and packages are in development.
They may not be fully stable and should be used with caution. We make no claims about them.
Health stats visible at Monitor.