CRAN Package Check Results for Package ECOTOXr

Last updated on 2025-05-17 17:49:19 CEST.

Flavor Version Tinstall Tcheck Ttotal Status Flags
r-devel-linux-x86_64-debian-clang 1.2.1 7.38 95.77 103.15 OK
r-devel-linux-x86_64-debian-gcc 1.2.1 5.25 66.75 72.00 OK
r-devel-linux-x86_64-fedora-clang 1.2.1 159.99 OK
r-devel-linux-x86_64-fedora-gcc 1.2.1 177.59 OK
r-devel-windows-x86_64 1.2.1 11.00 111.00 122.00 OK
r-patched-linux-x86_64 1.2.1 8.15 88.51 96.66 OK
r-release-linux-x86_64 1.2.1 7.65 87.13 94.78 OK
r-release-macos-arm64 1.2.1 60.00 OK
r-release-macos-x86_64 1.2.1 105.00 OK
r-release-windows-x86_64 1.2.1 8.00 312.00 320.00 ERROR
r-oldrel-macos-arm64 1.2.1 65.00 OK
r-oldrel-macos-x86_64 1.2.1 120.00 OK
r-oldrel-windows-x86_64 1.2.1 11.00 141.00 152.00 OK

Check Details

Version: 1.2.1
Check: re-building of vignette outputs
Result: ERROR Error(s) in re-building vignettes: --- re-building 'ecotox-schema.Rmd' using rmarkdown --- finished re-building 'ecotox-schema.Rmd' --- re-building 'reproducibility.Rmd' using rmarkdown --- finished re-building 'reproducibility.Rmd' --- re-building 'sanitising-ecotox.Rmd' using rmarkdown --- finished re-building 'sanitising-ecotox.Rmd' --- re-building 'searching-ecotox.Rmd' using rmarkdown Quitting from searching-ecotox.Rmd:99-112 [unnamed-chunk-6] ~~~~~~~~~~~~~~~~~~~~~~~~~~~~~~~~~~~~~~~~~~~~~~~~~~~~~~~~~~~~~~~~~~~~~~~~~~~~~~~~ NULL ~~~~~~~~~~~~~~~~~~~~~~~~~~~~~~~~~~~~~~~~~~~~~~~~~~~~~~~~~~~~~~~~~~~~~~~~~~~~~~~~ Error: processing vignette 'searching-ecotox.Rmd' failed with diagnostics: Failed to perform HTTP request. Caused by error in `curl::curl_fetch_memory()`: ! Failure when receiving data from the peer [cfpub.epa.gov]: Recv failure: Connection was reset --- failed re-building 'searching-ecotox.Rmd' SUMMARY: processing the following file failed: 'searching-ecotox.Rmd' Error: Vignette re-building failed. Execution halted Flavor: r-release-windows-x86_64

These binaries (installable software) and packages are in development.
They may not be fully stable and should be used with caution. We make no claims about them.
Health stats visible at Monitor.