Last updated on 2025-02-23 15:49:41 CET.
Flavor | Version | Tinstall | Tcheck | Ttotal | Status | Flags |
---|---|---|---|---|---|---|
r-devel-linux-x86_64-debian-clang | 1.0 | 188.71 | 117.74 | 306.45 | NOTE | |
r-devel-linux-x86_64-debian-gcc | 1.0 | 136.09 | 79.14 | 215.23 | NOTE | |
r-devel-linux-x86_64-fedora-clang | 1.0 | 586.44 | NOTE | |||
r-devel-linux-x86_64-fedora-gcc | 1.0 | 562.10 | NOTE | |||
r-devel-macos-arm64 | 1.0 | 138.00 | NOTE | |||
r-devel-macos-x86_64 | 1.0 | 224.00 | NOTE | |||
r-devel-windows-x86_64 | 1.0 | 201.00 | 148.00 | 349.00 | NOTE | |
r-patched-linux-x86_64 | 1.0 | 180.60 | 113.31 | 293.91 | NOTE | |
r-release-linux-x86_64 | 1.0 | 187.62 | 113.66 | 301.28 | NOTE | |
r-release-macos-arm64 | 1.0 | 135.00 | NOTE | |||
r-release-macos-x86_64 | 1.0 | 151.00 | NOTE | |||
r-release-windows-x86_64 | 1.0 | 207.00 | 152.00 | 359.00 | NOTE | |
r-oldrel-macos-arm64 | 1.0 | 178.00 | NOTE | |||
r-oldrel-macos-x86_64 | 1.0 | 279.00 | NOTE | |||
r-oldrel-windows-x86_64 | 1.0 | 243.00 | 180.00 | 423.00 | NOTE |
Version: 1.0
Check: C++ specification
Result: NOTE
Specified C++11: please drop specification unless essential
Flavors: r-devel-linux-x86_64-debian-clang, r-devel-linux-x86_64-debian-gcc, r-devel-linux-x86_64-fedora-clang, r-devel-linux-x86_64-fedora-gcc, r-devel-macos-arm64, r-devel-macos-x86_64, r-devel-windows-x86_64, r-patched-linux-x86_64, r-release-linux-x86_64, r-release-macos-arm64, r-release-macos-x86_64, r-release-windows-x86_64, r-oldrel-macos-arm64, r-oldrel-macos-x86_64, r-oldrel-windows-x86_64
Version: 1.0
Check: Rd files
Result: NOTE
checkRd: (-1) monitor_long_1d.Rd:33: Lost braces
33 | If \code{side="upward"}{apply control charts that aim to detect upward shifts.} \cr
| ^
checkRd: (-1) monitor_long_1d.Rd:34: Lost braces
34 | If \code{side="downward"}{apply control charts that aim to detect downward shifts.} \cr
| ^
checkRd: (-1) monitor_long_1d.Rd:35: Lost braces
35 | If \code{side="both"}{apply control charts that aim to detect shifts in both sides}}
| ^
checkRd: (-1) monitor_long_1d.Rd:38: Lost braces
38 | If \code{chart="CUSUM"}{apply CUSUM charts.} \cr
| ^
checkRd: (-1) monitor_long_1d.Rd:39: Lost braces
39 | If \code{chart="EWMA"}{apply EWMA charts.}}
| ^
Flavors: r-devel-linux-x86_64-debian-clang, r-devel-linux-x86_64-debian-gcc, r-devel-linux-x86_64-fedora-clang, r-devel-linux-x86_64-fedora-gcc, r-devel-macos-arm64, r-devel-macos-x86_64, r-devel-windows-x86_64, r-patched-linux-x86_64, r-release-linux-x86_64, r-release-macos-arm64, r-release-macos-x86_64, r-release-windows-x86_64
Version: 1.0
Check: installed package size
Result: NOTE
installed size is 11.6Mb
sub-directories of 1Mb or more:
data 3.1Mb
libs 7.9Mb
Flavors: r-release-macos-arm64, r-release-macos-x86_64, r-release-windows-x86_64, r-oldrel-macos-arm64, r-oldrel-macos-x86_64, r-oldrel-windows-x86_64
These binaries (installable software) and packages are in development.
They may not be fully stable and should be used with caution. We make no claims about them.
Health stats visible at Monitor.