Last updated on 2025-05-15 09:52:13 CEST.
Flavor | Version | Tinstall | Tcheck | Ttotal | Status | Flags |
---|---|---|---|---|---|---|
r-devel-linux-x86_64-debian-clang | 0.1.4 | 7.46 | 74.95 | 82.41 | NOTE | |
r-devel-linux-x86_64-debian-gcc | 0.1.4 | 3.98 | 56.53 | 60.51 | NOTE | |
r-devel-linux-x86_64-fedora-clang | 0.1.4 | 128.15 | NOTE | |||
r-devel-linux-x86_64-fedora-gcc | 0.1.4 | 146.90 | NOTE | |||
r-devel-windows-x86_64 | 0.1.4 | 12.00 | 108.00 | 120.00 | NOTE | |
r-patched-linux-x86_64 | 0.1.4 | 7.80 | 71.68 | 79.48 | NOTE | |
r-release-linux-x86_64 | 0.1.4 | 6.34 | 70.93 | 77.27 | NOTE | |
r-release-macos-arm64 | 0.1.4 | 53.00 | NOTE | |||
r-release-macos-x86_64 | 0.1.4 | 85.00 | NOTE | |||
r-release-windows-x86_64 | 0.1.4 | 12.00 | 106.00 | 118.00 | NOTE | |
r-oldrel-macos-arm64 | 0.1.4 | 45.00 | NOTE | |||
r-oldrel-macos-x86_64 | 0.1.4 | 73.00 | NOTE | |||
r-oldrel-windows-x86_64 | 0.1.4 | 11.00 | 132.00 | 143.00 | NOTE |
Version: 0.1.4
Check: CRAN incoming feasibility
Result: NOTE
Maintainer: ‘Katharina Baum <katharina.baum@hpi.de>’
Package CITATION file contains call(s) to old-style citEntry(). Please
use bibentry() instead.
Flavors: r-devel-linux-x86_64-debian-clang, r-devel-linux-x86_64-debian-gcc
Version: 0.1.4
Check: Rd files
Result: NOTE
checkRd: (-1) generate_individual_graphs.Rd:11: Lost braces
11 | code{\link[DrDimont]{compute_correlation_matrices}}}
| ^
Flavors: r-devel-linux-x86_64-debian-clang, r-devel-linux-x86_64-debian-gcc, r-devel-linux-x86_64-fedora-clang, r-devel-linux-x86_64-fedora-gcc, r-devel-windows-x86_64, r-patched-linux-x86_64, r-release-linux-x86_64, r-release-macos-arm64, r-release-macos-x86_64, r-release-windows-x86_64, r-oldrel-macos-arm64, r-oldrel-macos-x86_64, r-oldrel-windows-x86_64
These binaries (installable software) and packages are in development.
They may not be fully stable and should be used with caution. We make no claims about them.
Health stats visible at Monitor.