CRAN Package Check Results for Package DirStats

Last updated on 2025-05-03 02:51:35 CEST.

Flavor Version Tinstall Tcheck Ttotal Status Flags
r-devel-linux-x86_64-debian-clang 0.1.10 3.92 28.46 32.38 NOTE
r-devel-linux-x86_64-debian-gcc 0.1.10 3.11 21.34 24.45 NOTE
r-devel-linux-x86_64-fedora-clang 0.1.10 51.34 OK
r-devel-linux-x86_64-fedora-gcc 0.1.10 49.91 OK
r-devel-windows-x86_64 0.1.10 8.00 53.00 61.00 OK
r-patched-linux-x86_64 0.1.10 4.54 26.75 31.29 OK
r-release-linux-x86_64 OK
r-release-macos-arm64 0.1.10 25.00 OK
r-release-macos-x86_64 0.1.10 34.00 OK
r-release-windows-x86_64 0.1.10 9.00 52.00 61.00 OK
r-oldrel-macos-arm64 0.1.10 23.00 OK
r-oldrel-macos-x86_64 0.1.10 49.00 OK
r-oldrel-windows-x86_64 0.1.10 9.00 60.00 69.00 OK

Check Details

Version: 0.1.10
Check: CRAN incoming feasibility
Result: NOTE Maintainer: ‘Eduardo García-Portugués <edgarcia@est-econ.uc3m.es>’ The BugReports field in DESCRIPTION has https://github.com/egarpor/DirStats which should likely be https://github.com/egarpor/DirStats/issues instead. Flavors: r-devel-linux-x86_64-debian-clang, r-devel-linux-x86_64-debian-gcc

These binaries (installable software) and packages are in development.
They may not be fully stable and should be used with caution. We make no claims about them.
Health stats visible at Monitor.