Last updated on 2024-05-02 11:51:18 CEST.
Flavor | Version | Tinstall | Tcheck | Ttotal | Status | Flags |
---|---|---|---|---|---|---|
r-devel-linux-x86_64-debian-clang | 1.0.11 | 22.90 | 255.07 | 277.97 | OK | |
r-devel-linux-x86_64-debian-gcc | 1.0.11 | 16.97 | 175.39 | 192.36 | OK | |
r-devel-linux-x86_64-fedora-clang | 1.0.11 | 339.30 | NOTE | |||
r-devel-linux-x86_64-fedora-gcc | 1.0.11 | 308.47 | NOTE | |||
r-devel-windows-x86_64 | 1.0.11 | 23.00 | 254.00 | 277.00 | OK | |
r-patched-linux-x86_64 | 1.0.11 | 28.23 | 234.77 | 263.00 | OK | |
r-release-linux-x86_64 | 1.0.11 | 14.75 | 231.25 | 246.00 | OK | |
r-release-macos-arm64 | 1.0.11 | 88.00 | NOTE | |||
r-release-macos-x86_64 | 1.0.11 | 244.00 | OK | |||
r-release-windows-x86_64 | 1.0.11 | 23.00 | 251.00 | 274.00 | OK | |
r-oldrel-macos-arm64 | 1.0.11 | 96.00 | OK | |||
r-oldrel-macos-x86_64 | 1.0.11 | 181.00 | OK | |||
r-oldrel-windows-x86_64 | 1.0.11 | 26.00 | 313.00 | 339.00 | OK |
Version: 1.0.11
Check: data for non-ASCII characters
Result: NOTE
Note: found 1 marked UTF-8 string
Flavors: r-devel-linux-x86_64-fedora-clang, r-devel-linux-x86_64-fedora-gcc
Version: 1.0.11
Check: package dependencies
Result: NOTE
Package suggested but not available for checking: ‘testthat’
Flavor: r-release-macos-arm64
These binaries (installable software) and packages are in development.
They may not be fully stable and should be used with caution. We make no claims about them.
Health stats visible at Monitor.