CRAN Package Check Results for Package DeepLearningCausal

Last updated on 2025-07-17 17:50:12 CEST.

Flavor Version Tinstall Tcheck Ttotal Status Flags
r-devel-linux-x86_64-debian-clang 0.0.106 7.94 56.58 64.52 OK
r-devel-linux-x86_64-debian-gcc 0.0.106 5.42 41.35 46.77 OK
r-devel-linux-x86_64-fedora-clang 0.0.106 103.48 NOTE
r-devel-linux-x86_64-fedora-gcc 0.0.106 93.64 NOTE
r-devel-windows-x86_64 0.0.106 10.00 70.00 80.00 OK
r-patched-linux-x86_64 0.0.106 6.80 53.50 60.30 OK
r-release-linux-x86_64 0.0.106 6.47 54.22 60.69 OK
r-release-macos-arm64 0.0.106 30.00 OK
r-release-macos-x86_64 0.0.106 62.00 OK
r-release-windows-x86_64 0.0.106 10.00 72.00 82.00 OK
r-oldrel-macos-arm64 0.0.106 36.00 OK
r-oldrel-macos-x86_64 0.0.106 66.00 OK
r-oldrel-windows-x86_64 0.0.106 12.00 85.00 97.00 OK

Check Details

Version: 0.0.106
Check: dependencies in R code
Result: NOTE Namespaces in Imports field not imported from: ‘Hmisc’ ‘class’ ‘dplyr’ ‘e1071’ ‘gam’ ‘gbm’ ‘glmnet’ ‘randomForest’ ‘weights’ ‘xgboost’ All declared Imports should be used. Flavors: r-devel-linux-x86_64-fedora-clang, r-devel-linux-x86_64-fedora-gcc

These binaries (installable software) and packages are in development.
They may not be fully stable and should be used with caution. We make no claims about them.
Health stats visible at Monitor.