CRAN Package Check Results for Package DebiasInfer

Last updated on 2025-05-17 15:50:40 CEST.

Flavor Version Tinstall Tcheck Ttotal Status Flags
r-devel-linux-x86_64-debian-clang 0.2 17.73 147.44 165.17 NOTE
r-devel-linux-x86_64-debian-gcc 0.2 13.39 103.39 116.78 NOTE
r-devel-linux-x86_64-fedora-clang 0.2 288.72 OK
r-devel-linux-x86_64-fedora-gcc 0.2 267.74 OK
r-devel-windows-x86_64 0.2 18.00 133.00 151.00 OK
r-patched-linux-x86_64 0.2 13.56 138.15 151.71 OK
r-release-linux-x86_64 0.2 16.04 137.50 153.54 OK
r-release-macos-arm64 0.2 66.00 OK
r-release-macos-x86_64 0.2 133.00 OK
r-release-windows-x86_64 0.2 18.00 136.00 154.00 OK
r-oldrel-macos-arm64 0.2 64.00 OK
r-oldrel-macos-x86_64 0.2 130.00 OK
r-oldrel-windows-x86_64 0.2 26.00 171.00 197.00 OK

Check Details

Version: 0.2
Check: CRAN incoming feasibility
Result: NOTE Maintainer: ‘Yikun Zhang <yikunzhang@foxmail.com>’ The Description field contains Giessing, and Chen (2023) <arXiv:2309.06429>. Please refer to arXiv e-prints via their arXiv DOI <doi:10.48550/arXiv.YYMM.NNNNN>. Flavors: r-devel-linux-x86_64-debian-clang, r-devel-linux-x86_64-debian-gcc

These binaries (installable software) and packages are in development.
They may not be fully stable and should be used with caution. We make no claims about them.
Health stats visible at Monitor.