Last updated on 2025-02-23 15:49:40 CET.
Flavor | Version | Tinstall | Tcheck | Ttotal | Status | Flags |
---|---|---|---|---|---|---|
r-devel-linux-x86_64-debian-clang | 0.8.3 | 6.23 | 259.09 | 265.32 | NOTE | |
r-devel-linux-x86_64-debian-gcc | 0.8.3 | 4.46 | 169.73 | 174.19 | NOTE | |
r-devel-linux-x86_64-fedora-clang | 0.8.3 | 379.42 | OK | |||
r-devel-linux-x86_64-fedora-gcc | 0.8.3 | 380.03 | OK | |||
r-devel-macos-arm64 | 0.8.3 | 113.00 | OK | |||
r-devel-macos-x86_64 | 0.8.3 | 260.00 | OK | |||
r-devel-windows-x86_64 | 0.8.3 | 9.00 | 259.00 | 268.00 | NOTE | |
r-patched-linux-x86_64 | 0.8.3 | 11.97 | 219.87 | 231.84 | OK | |
r-release-linux-x86_64 | 0.8.3 | 6.46 | 223.72 | 230.18 | OK | |
r-release-macos-arm64 | 0.8.3 | 88.00 | OK | |||
r-release-macos-x86_64 | 0.8.3 | 161.00 | OK | |||
r-release-windows-x86_64 | 0.8.3 | 10.00 | 244.00 | 254.00 | OK | |
r-oldrel-macos-arm64 | 0.8.3 | 107.00 | OK | |||
r-oldrel-macos-x86_64 | 0.8.3 | 218.00 | OK | |||
r-oldrel-windows-x86_64 | 0.8.3 | 12.00 | 300.00 | 312.00 | OK |
Version: 0.8.3
Check: Rd cross-references
Result: NOTE
Found the following Rd file(s) with Rd \link{} targets missing package
anchors:
configure_report.Rd: theme
create_report.Rd: render
drop_columns.Rd: data.table
group_category.Rd: data.table
plotDataExplorer.Rd: theme
plotDataExplorer.grid.Rd: theme
plotDataExplorer.multiple.Rd: theme, facet_wrap
plotDataExplorer.single.Rd: theme
plot_bar.Rd: geom_bar, theme_gray, theme
plot_boxplot.Rd: geom_boxplot, geom_jitter, scale_y_continuous,
theme_gray, theme
plot_correlation.Rd: geom_text, theme_gray, theme
plot_density.Rd: geom_density, scale_x_continuous, theme_gray, theme
plot_histogram.Rd: geom_histogram, scale_x_continuous, theme_gray,
theme
plot_intro.Rd: geom_label, theme_gray, theme
plot_missing.Rd: geom_label, theme_gray, theme
plot_prcomp.Rd: geom_label, theme_gray, theme
plot_qq.Rd: geom_qq, geom_qq_line, theme_gray, theme
plot_scatterplot.Rd: geom_point, geom_jitter, scale_x_continuous,
scale_y_continuous, theme_gray, theme
plot_str.Rd: diagonalNetwork, radialNetwork
set_missing.Rd: data.table
split_columns.Rd: data.table
update_columns.Rd: data.table
Please provide package anchors for all Rd \link{} targets not in the
package itself and the base packages.
Flavors: r-devel-linux-x86_64-debian-clang, r-devel-linux-x86_64-debian-gcc, r-devel-windows-x86_64
These binaries (installable software) and packages are in development.
They may not be fully stable and should be used with caution. We make no claims about them.
Health stats visible at Monitor.