Last updated on 2025-05-15 13:50:57 CEST.
Flavor | Version | Tinstall | Tcheck | Ttotal | Status | Flags |
---|---|---|---|---|---|---|
r-devel-linux-x86_64-debian-clang | 1.0 | 20.36 | 21.26 | 41.62 | NOTE | |
r-devel-linux-x86_64-debian-gcc | 1.0 | 14.41 | 17.30 | 31.71 | NOTE | |
r-devel-linux-x86_64-fedora-clang | 1.0 | 79.32 | OK | |||
r-devel-linux-x86_64-fedora-gcc | 1.0 | 72.91 | OK | |||
r-devel-windows-x86_64 | 1.0 | 24.00 | 66.00 | 90.00 | OK | |
r-patched-linux-x86_64 | 1.0 | 20.40 | 20.38 | 40.78 | OK | |
r-release-linux-x86_64 | 1.0 | 20.61 | 20.45 | 41.06 | OK | |
r-release-macos-arm64 | 1.0 | 27.00 | OK | |||
r-release-macos-x86_64 | 1.0 | 40.00 | OK | |||
r-release-windows-x86_64 | 1.0 | 25.00 | 67.00 | 92.00 | OK | |
r-oldrel-macos-arm64 | 1.0 | 25.00 | NOTE | |||
r-oldrel-macos-x86_64 | 1.0 | 41.00 | NOTE | |||
r-oldrel-windows-x86_64 | 1.0 | 29.00 | 73.00 | 102.00 | NOTE |
Version: 1.0
Check: CRAN incoming feasibility
Result: NOTE
Maintainer: ‘Svetlana Saarela <admin@svetlanasaarela.com>’
No Authors@R field in DESCRIPTION.
Please add one, modifying
Authors@R: c(person(given = "Svetlana",
family = "Saarela",
role = c("aut", "cre"),
email = "admin@svetlanasaarela.com"),
person(given = "Anton",
family = "Grafström",
role = "aut"))
as necessary.
Found the following URLs which should use \doi (with the DOI name only):
File ‘datassim.Rd’:
https://doi.org/10.20944/preprints201710.0098.v1
Flavors: r-devel-linux-x86_64-debian-clang, r-devel-linux-x86_64-debian-gcc
Version: 1.0
Check: LazyData
Result: NOTE
'LazyData' is specified without a 'data' directory
Flavors: r-oldrel-macos-arm64, r-oldrel-macos-x86_64, r-oldrel-windows-x86_64
These binaries (installable software) and packages are in development.
They may not be fully stable and should be used with caution. We make no claims about them.
Health stats visible at Monitor.