Last updated on 2025-02-02 07:50:09 CET.
Flavor | Version | Tinstall | Tcheck | Ttotal | Status | Flags |
---|---|---|---|---|---|---|
r-devel-linux-x86_64-debian-clang | 3.0.1 | 16.27 | 63.22 | 79.49 | NOTE | |
r-devel-linux-x86_64-debian-gcc | 3.0.1 | 10.03 | 39.13 | 49.16 | NOTE | |
r-devel-linux-x86_64-fedora-clang | 3.0.1 | 129.44 | NOTE | |||
r-devel-linux-x86_64-fedora-gcc | 3.0.1 | 117.40 | NOTE | |||
r-devel-windows-x86_64 | 3.0.1 | 14.00 | 74.00 | 88.00 | NOTE | |
r-patched-linux-x86_64 | 3.0.1 | 11.86 | 58.28 | 70.14 | NOTE | |
r-release-linux-x86_64 | 3.0.1 | 15.13 | 58.12 | 73.25 | NOTE | |
r-release-macos-arm64 | 3.0.1 | 33.00 | NOTE | |||
r-release-macos-x86_64 | 3.0.1 | 49.00 | NOTE | |||
r-release-windows-x86_64 | 3.0.1 | 16.00 | 73.00 | 89.00 | NOTE | |
r-oldrel-macos-arm64 | 3.0.1 | 36.00 | OK | |||
r-oldrel-macos-x86_64 | 3.0.1 | 58.00 | OK | |||
r-oldrel-windows-x86_64 | 3.0.1 | 19.00 | 86.00 | 105.00 | OK |
Version: 3.0.1
Check: Rd files
Result: NOTE
checkRd: (-1) efron.petrosian.Rd:22: Lost braces
22 | \item{error}{ Numeric value. Maximum pointwise error when estimating the density associated to X (f) in two consecutive steps. If this is missing, it is $1e{-06}$.}
| ^
checkRd: (-1) lynden.Rd:21: Lost braces
21 | \item{error}{ Numeric value. Maximum pointwise error when estimating the density associated to X (f) in two consecutive steps. If this is missing, it is $1e{-06}$.}
| ^
checkRd: (-1) shen.Rd:24: Lost braces
24 | \item{error}{ Numeric value. Maximum pointwise error when estimating the density associated to X (f) in two consecutive steps. If this is missing, it is $1e{-06}$.}
| ^
Flavors: r-devel-linux-x86_64-debian-clang, r-devel-linux-x86_64-debian-gcc, r-devel-linux-x86_64-fedora-clang, r-devel-linux-x86_64-fedora-gcc, r-devel-windows-x86_64, r-patched-linux-x86_64, r-release-linux-x86_64, r-release-macos-arm64, r-release-macos-x86_64, r-release-windows-x86_64
These binaries (installable software) and packages are in development.
They may not be fully stable and should be used with caution. We make no claims about them.
Health stats visible at Monitor.