Last updated on 2025-02-08 19:49:17 CET.
Flavor | Version | Tinstall | Tcheck | Ttotal | Status | Flags |
---|---|---|---|---|---|---|
r-devel-linux-x86_64-debian-clang | 0.1.5 | 54.96 | 447.30 | 502.26 | OK | |
r-devel-linux-x86_64-debian-gcc | 0.1.5 | 42.50 | 327.07 | 369.57 | OK | |
r-devel-linux-x86_64-fedora-clang | 0.1.5 | 886.03 | OK | |||
r-devel-linux-x86_64-fedora-gcc | 0.1.5 | 828.72 | OK | |||
r-devel-windows-x86_64 | 0.1.5 | 60.00 | 369.00 | 429.00 | WARN | |
r-patched-linux-x86_64 | 0.1.5 | 55.05 | 405.43 | 460.48 | OK | |
r-release-linux-x86_64 | 0.1.5 | 53.01 | 406.84 | 459.85 | OK | |
r-release-macos-arm64 | 0.1.5 | 182.00 | NOTE | |||
r-release-macos-x86_64 | 0.1.5 | 326.00 | NOTE | |||
r-release-windows-x86_64 | 0.1.5 | 56.00 | 367.00 | 423.00 | OK | |
r-oldrel-macos-arm64 | 0.1.5 | 18.00 | ERROR | |||
r-oldrel-macos-x86_64 | 0.1.5 | 11.00 | ERROR | |||
r-oldrel-windows-x86_64 | 0.1.5 | 74.00 | 509.00 | 583.00 | OK |
Version: 0.1.5
Check: whether package can be installed
Result: WARN
Found the following significant warnings:
Warning: multiple methods tables found for 'union'
Flavor: r-devel-windows-x86_64
Version: 0.1.5
Check: installed package size
Result: NOTE
installed size is 5.6Mb
sub-directories of 1Mb or more:
data 5.4Mb
Flavors: r-release-macos-arm64, r-release-macos-x86_64
Version: 0.1.5
Check: package dependencies
Result: ERROR
Package required but not available: ‘GSVA’
See section ‘The DESCRIPTION file’ in the ‘Writing R Extensions’
manual.
Flavors: r-oldrel-macos-arm64, r-oldrel-macos-x86_64
These binaries (installable software) and packages are in development.
They may not be fully stable and should be used with caution. We make no claims about them.
Health stats visible at Monitor.