Last updated on 2024-05-02 01:56:56 CEST.
Flavor | Version | Tinstall | Tcheck | Ttotal | Status | Flags |
---|---|---|---|---|---|---|
r-devel-linux-x86_64-debian-clang | 0.0.2 | 8.44 | 65.75 | 74.19 | NOTE | |
r-devel-linux-x86_64-debian-gcc | 0.0.2 | 7.00 | 49.77 | 56.77 | NOTE | |
r-devel-linux-x86_64-fedora-clang | 0.0.2 | 93.31 | NOTE | |||
r-devel-linux-x86_64-fedora-gcc | 0.0.2 | 88.48 | NOTE | |||
r-devel-windows-x86_64 | 0.0.2 | 10.00 | 71.00 | 81.00 | NOTE | |
r-patched-linux-x86_64 | 0.0.2 | 7.18 | 62.48 | 69.66 | NOTE | |
r-release-linux-x86_64 | 0.0.2 | 9.40 | 61.38 | 70.78 | NOTE | |
r-release-macos-arm64 | 0.0.2 | 33.00 | NOTE | |||
r-release-windows-x86_64 | 0.0.2 | 11.00 | 71.00 | 82.00 | NOTE | |
r-oldrel-macos-arm64 | 0.0.2 | 34.00 | OK | |||
r-oldrel-macos-x86_64 | 0.0.2 | 48.00 | OK | |||
r-oldrel-windows-x86_64 | 0.0.2 | 13.00 | 84.00 | 97.00 | OK |
Version: 0.0.2
Check: Rd files
Result: NOTE
checkRd: (-1) outliers.ranking.Rd:142: Lost braces; missing escapes or markup?
142 | max ( 0, ( |g_{y,i}| - |g_{x,i}| ) / ( |g_{y,i}| + |g_{x,i}| ) ),
| ^
checkRd: (-1) outliers.ranking.Rd:142: Lost braces; missing escapes or markup?
142 | max ( 0, ( |g_{y,i}| - |g_{x,i}| ) / ( |g_{y,i}| + |g_{x,i}| ) ),
| ^
checkRd: (-1) outliers.ranking.Rd:142: Lost braces; missing escapes or markup?
142 | max ( 0, ( |g_{y,i}| - |g_{x,i}| ) / ( |g_{y,i}| + |g_{x,i}| ) ),
| ^
checkRd: (-1) outliers.ranking.Rd:142: Lost braces; missing escapes or markup?
142 | max ( 0, ( |g_{y,i}| - |g_{x,i}| ) / ( |g_{y,i}| + |g_{x,i}| ) ),
| ^
checkRd: (-1) outliers.ranking.Rd:143: Lost braces; missing escapes or markup?
143 | where g_{y,i} and g_{x,i} are the two groups involved in the merge at
| ^
checkRd: (-1) outliers.ranking.Rd:143: Lost braces; missing escapes or markup?
143 | where g_{y,i} and g_{x,i} are the two groups involved in the merge at
| ^
checkRd: (-1) outliers.ranking.Rd:144: Lost braces; missing escapes or markup?
144 | step i, and g_{x,i} is the group which X belongs to. Note that if X
| ^
Flavors: r-devel-linux-x86_64-debian-clang, r-devel-linux-x86_64-debian-gcc, r-devel-linux-x86_64-fedora-clang, r-devel-linux-x86_64-fedora-gcc, r-devel-windows-x86_64, r-patched-linux-x86_64, r-release-linux-x86_64, r-release-macos-arm64, r-release-windows-x86_64
These binaries (installable software) and packages are in development.
They may not be fully stable and should be used with caution. We make no claims about them.
Health stats visible at Monitor.