Last updated on 2025-02-23 19:51:03 CET.
Flavor | Version | Tinstall | Tcheck | Ttotal | Status | Flags |
---|---|---|---|---|---|---|
r-devel-linux-x86_64-debian-clang | 6.0.6 | 90.92 | 95.00 | 185.92 | NOTE | |
r-devel-linux-x86_64-debian-gcc | 6.0.6 | 75.80 | 61.79 | 137.59 | NOTE | |
r-devel-linux-x86_64-fedora-clang | 6.0.6 | 302.16 | NOTE | |||
r-devel-linux-x86_64-fedora-gcc | 6.0.6 | 337.10 | NOTE | |||
r-devel-macos-arm64 | 6.0.6 | 86.00 | NOTE | |||
r-devel-macos-x86_64 | 6.0.6 | 156.00 | NOTE | |||
r-devel-windows-x86_64 | 6.0.6 | 96.00 | 150.00 | 246.00 | NOTE | --no-vignettes |
r-patched-linux-x86_64 | 6.0.6 | 109.48 | 88.08 | 197.56 | NOTE | |
r-release-linux-x86_64 | 6.0.6 | 95.89 | 86.54 | 182.43 | NOTE | |
r-release-macos-arm64 | 6.0.6 | 75.00 | NOTE | |||
r-release-macos-x86_64 | 6.0.6 | 138.00 | NOTE | |||
r-release-windows-x86_64 | 6.0.6 | 96.00 | 163.00 | 259.00 | NOTE | --no-vignettes |
r-oldrel-macos-arm64 | 6.0.6 | 77.00 | NOTE | |||
r-oldrel-macos-x86_64 | 6.0.6 | 143.00 | NOTE | |||
r-oldrel-windows-x86_64 | 6.0.6 | 118.00 | 186.00 | 304.00 | NOTE | --no-vignettes |
Version: 6.0.6
Check: package subdirectories
Result: NOTE
Problems with news in ‘NEWS.md’:
Cannot extract version info from the following section titles:
Changes to previous versions
Minor changes
Fixes
Previous Versions
Flavors: r-devel-linux-x86_64-debian-clang, r-devel-linux-x86_64-debian-gcc, r-devel-linux-x86_64-fedora-clang, r-devel-linux-x86_64-fedora-gcc, r-devel-macos-arm64, r-devel-macos-x86_64, r-patched-linux-x86_64, r-release-linux-x86_64, r-release-macos-arm64, r-release-macos-x86_64, r-oldrel-macos-arm64, r-oldrel-macos-x86_64
Version: 6.0.6
Flags: --no-vignettes
Check: package subdirectories
Result: NOTE
Problems with news in 'NEWS.md':
Cannot extract version info from the following section titles:
Changes to previous versions
Minor changes
Fixes
Previous Versions
Flavors: r-devel-windows-x86_64, r-release-windows-x86_64, r-oldrel-windows-x86_64
Version: 6.0.6
Check: installed package size
Result: NOTE
installed size is 47.9Mb
sub-directories of 1Mb or more:
libs 47.2Mb
Flavors: r-release-macos-arm64, r-release-macos-x86_64, r-oldrel-macos-arm64, r-oldrel-macos-x86_64
Version: 6.0.6
Flags: --no-vignettes
Check: installed package size
Result: NOTE
installed size is 14.2Mb
sub-directories of 1Mb or more:
libs 13.5Mb
Flavors: r-release-windows-x86_64, r-oldrel-windows-x86_64
These binaries (installable software) and packages are in development.
They may not be fully stable and should be used with caution. We make no claims about them.
Health stats visible at Monitor.