Last updated on 2025-05-17 13:49:35 CEST.
Flavor | Version | Tinstall | Tcheck | Ttotal | Status | Flags |
---|---|---|---|---|---|---|
r-devel-linux-x86_64-debian-clang | 1.0.0 | 6.99 | 60.42 | 67.41 | NOTE | |
r-devel-linux-x86_64-debian-gcc | 1.0.0 | 5.44 | 45.24 | 50.68 | NOTE | |
r-devel-linux-x86_64-fedora-clang | 1.0.0 | 107.66 | NOTE | |||
r-devel-linux-x86_64-fedora-gcc | 1.0.0 | 99.95 | NOTE | |||
r-devel-windows-x86_64 | 1.0.0 | 7.00 | 69.00 | 76.00 | OK | |
r-patched-linux-x86_64 | 1.0.0 | 6.73 | 57.23 | 63.96 | OK | |
r-release-linux-x86_64 | 1.0.0 | 6.14 | 56.96 | 63.10 | OK | |
r-release-macos-arm64 | 1.0.0 | 35.00 | OK | |||
r-release-macos-x86_64 | 1.0.0 | 70.00 | OK | |||
r-release-windows-x86_64 | 1.0.0 | 8.00 | 72.00 | 80.00 | OK | |
r-oldrel-macos-arm64 | 1.0.0 | 27.00 | OK | |||
r-oldrel-macos-x86_64 | 1.0.0 | 52.00 | OK | |||
r-oldrel-windows-x86_64 | 1.0.0 | 10.00 | 83.00 | 93.00 | OK |
Version: 1.0.0
Check: CRAN incoming feasibility
Result: NOTE
Maintainer: ‘Zijian Guo <zijguo@stat.rutgers.edu>’
No Authors@R field in DESCRIPTION.
Please add one, modifying
Authors@R: c(person(given = "Wei",
family = "Yuan",
role = "aut"),
person(given = "Zhenyu",
family = "Wang",
role = "aut"),
person(given = "Zijian",
family = "Guo",
role = c("aut", "cre"),
email = "zijguo@stat.rutgers.edu"),
person(given = "Cun-Hui",
family = "Zhang",
role = "aut"))
as necessary.
The Description field contains
<arxiv:1907.12732>. It constructs the confidence interval for the
Please refer to arXiv e-prints via their arXiv DOI <doi:10.48550/arXiv.YYMM.NNNNN>.
Flavors: r-devel-linux-x86_64-debian-clang, r-devel-linux-x86_64-debian-gcc
Version: 1.0.0
Check: dependencies in R code
Result: NOTE
Namespace in Imports field not imported from: ‘MASS’
All declared Imports should be used.
Flavors: r-devel-linux-x86_64-fedora-clang, r-devel-linux-x86_64-fedora-gcc
These binaries (installable software) and packages are in development.
They may not be fully stable and should be used with caution. We make no claims about them.
Health stats visible at Monitor.