Last updated on 2025-10-31 07:51:43 CET.
| Flavor | Version | Tinstall | Tcheck | Ttotal | Status | Flags | 
|---|---|---|---|---|---|---|
| r-devel-linux-x86_64-debian-clang | 0.1.0 | 2.81 | 29.27 | 32.08 | NOTE | |
| r-devel-linux-x86_64-debian-gcc | 0.1.0 | 1.96 | 21.51 | 23.47 | NOTE | |
| r-devel-linux-x86_64-fedora-clang | 0.1.0 | 12.00 | 38.01 | 50.01 | OK | |
| r-devel-linux-x86_64-fedora-gcc | 0.1.0 | 43.99 | OK | |||
| r-devel-windows-x86_64 | 0.1.0 | 4.00 | 43.00 | 47.00 | OK | |
| r-patched-linux-x86_64 | 0.1.0 | 2.82 | 26.28 | 29.10 | OK | |
| r-release-linux-x86_64 | 0.1.0 | 2.61 | 26.30 | 28.91 | OK | |
| r-release-macos-arm64 | 0.1.0 | 1.00 | 18.00 | 19.00 | OK | |
| r-release-macos-x86_64 | 0.1.0 | 2.00 | 35.00 | 37.00 | OK | |
| r-release-windows-x86_64 | 0.1.0 | 4.00 | 47.00 | 51.00 | OK | |
| r-oldrel-macos-arm64 | 0.1.0 | 1.00 | 16.00 | 17.00 | OK | |
| r-oldrel-macos-x86_64 | 0.1.0 | 2.00 | 23.00 | 25.00 | OK | |
| r-oldrel-windows-x86_64 | 0.1.0 | 5.00 | 50.00 | 55.00 | OK | 
Version: 0.1.0
Check: CRAN incoming feasibility
Result: NOTE
  Maintainer: ‘Brendan Matthew Galdo <Brendan.m.galdo@gmail.com>’
  
  The BugReports field in DESCRIPTION has
    https://github.com/bmgaldo/DEBBI
  which should likely be
    https://github.com/bmgaldo/DEBBI/issues
  instead.
Flavors: r-devel-linux-x86_64-debian-clang, r-devel-linux-x86_64-debian-gcc
These binaries (installable software) and packages are in development.
They may not be fully stable and should be used with caution. We make no claims about them.
Health stats visible at Monitor.