Last updated on 2025-10-31 05:48:39 CET.
| Flavor | Version | Tinstall | Tcheck | Ttotal | Status | Flags | 
|---|---|---|---|---|---|---|
| r-devel-linux-x86_64-debian-clang | 0.1.5 | 61.69 | 54.55 | 116.24 | NOTE | |
| r-devel-linux-x86_64-debian-gcc | 0.1.5 | 49.72 | 47.29 | 97.01 | NOTE | |
| r-devel-linux-x86_64-fedora-clang | 0.1.5 | 279.00 | -93.69 | 185.31 | NOTE | |
| r-devel-linux-x86_64-fedora-gcc | 0.1.5 | 140.00 | 61.09 | 201.09 | NOTE | |
| r-devel-windows-x86_64 | 0.1.5 | 60.00 | 86.00 | 146.00 | NOTE | |
| r-patched-linux-x86_64 | 0.1.5 | 66.24 | 60.48 | 126.72 | NOTE | |
| r-release-linux-x86_64 | 0.1.5 | 65.83 | 60.10 | 125.93 | NOTE | |
| r-release-macos-arm64 | 0.1.5 | 26.00 | 30.00 | 56.00 | NOTE | |
| r-release-macos-x86_64 | 0.1.5 | 60.00 | 51.00 | 111.00 | NOTE | |
| r-release-windows-x86_64 | 0.1.5 | 62.00 | 86.00 | 148.00 | NOTE | |
| r-oldrel-macos-arm64 | 0.1.5 | 24.00 | 25.00 | 49.00 | NOTE | |
| r-oldrel-macos-x86_64 | 0.1.5 | 39.00 | 40.00 | 79.00 | NOTE | |
| r-oldrel-windows-x86_64 | 0.1.5 | 73.00 | 107.00 | 180.00 | NOTE | 
Version: 0.1.5
Check: CRAN incoming feasibility
Result: NOTE
  Maintainer: ‘Xiaojie Qiu <xqiu@uw.edu>’
  
  No Authors@R field in DESCRIPTION.
  Please add one, modifying
    Authors@R: c(person(given = "Xiaojie",
                        family = "Qiu",
                        role = c("aut", "cre"),
                        email = "xqiu@uw.edu"),
                 person(given = "Cole",
                        family = "Trapnell",
                        role = "aut"),
                 person(given = "Qi",
                        family = "Mao",
                        role = "aut"),
                 person(given = "Li",
                        family = "Wang",
                        role = "aut"))
  as necessary.
Flavors: r-devel-linux-x86_64-debian-clang, r-devel-linux-x86_64-debian-gcc
Version: 0.1.5
Check: C++ specification
Result: NOTE
    Specified C++11: please drop specification unless essential
Flavors: r-devel-linux-x86_64-debian-clang, r-devel-linux-x86_64-debian-gcc, r-devel-linux-x86_64-fedora-clang, r-devel-linux-x86_64-fedora-gcc, r-devel-windows-x86_64, r-patched-linux-x86_64, r-release-linux-x86_64, r-release-macos-arm64, r-release-macos-x86_64, r-release-windows-x86_64, r-oldrel-macos-arm64, r-oldrel-macos-x86_64, r-oldrel-windows-x86_64
Version: 0.1.5
Check: installed package size
Result: NOTE
    installed size is 29.0Mb
    sub-directories of 1Mb or more:
      libs  28.9Mb
Flavors: r-oldrel-macos-arm64, r-oldrel-macos-x86_64
These binaries (installable software) and packages are in development.
They may not be fully stable and should be used with caution. We make no claims about them.
Health stats visible at Monitor.