CRAN Package Check Results for Package DDM

Last updated on 2025-05-15 07:49:37 CEST.

Flavor Version Tinstall Tcheck Ttotal Status Flags
r-devel-linux-x86_64-debian-clang 1.0-0 2.84 30.54 33.38 NOTE
r-devel-linux-x86_64-debian-gcc 1.0-0 2.25 21.87 24.12 NOTE
r-devel-linux-x86_64-fedora-clang 1.0-0 54.78 NOTE
r-devel-linux-x86_64-fedora-gcc 1.0-0 49.56 NOTE
r-devel-windows-x86_64 1.0-0 4.00 51.00 55.00 NOTE
r-patched-linux-x86_64 1.0-0 3.41 29.10 32.51 NOTE
r-release-linux-x86_64 1.0-0 2.90 28.86 31.76 NOTE
r-release-macos-arm64 1.0-0 18.00 NOTE
r-release-macos-x86_64 1.0-0 32.00 NOTE
r-release-windows-x86_64 1.0-0 4.00 51.00 55.00 NOTE
r-oldrel-macos-arm64 1.0-0 19.00 NOTE
r-oldrel-macos-x86_64 1.0-0 28.00 NOTE
r-oldrel-windows-x86_64 1.0-0 5.00 51.00 56.00 NOTE

Check Details

Version: 1.0-0
Check: CRAN incoming feasibility
Result: NOTE Maintainer: ‘Tim Riffe <riffe@demogr.mpg.de>’ No Authors@R field in DESCRIPTION. Please add one, modifying Authors@R: c(person(given = "Tim", family = "Riffe", role = c("aut", "cre"), email = "riffe@demogr.mpg.de"), person(given = "Everton", family = "Lima", role = "aut"), person(given = "Bernardo", family = "Queiroz", role = "aut")) as necessary. Flavors: r-devel-linux-x86_64-debian-clang, r-devel-linux-x86_64-debian-gcc

Version: 1.0-0
Check: Rd files
Result: NOTE checkRd: (-1) detectAgeInterval.Rd:10: Lost braces 10 | \item{Dat}{a \code{data.frame} containing a column called \code{Age}, or code{age}.} | ^ checkRd: (-1) detectSex.Rd:10: Lost braces 10 | \item{Dat}{a \code{data.frame} containing a column called \code{Sex}, or code{sex}.} | ^ checkRd: (-1) ggbgetAgesFit.Rd:28: Lost braces 28 | code{\link{ggbChooseAges}} | ^ Flavors: r-devel-linux-x86_64-debian-clang, r-devel-linux-x86_64-debian-gcc, r-devel-linux-x86_64-fedora-clang, r-devel-linux-x86_64-fedora-gcc, r-devel-windows-x86_64, r-patched-linux-x86_64, r-release-linux-x86_64, r-release-macos-arm64, r-release-macos-x86_64, r-release-windows-x86_64, r-oldrel-macos-arm64, r-oldrel-macos-x86_64, r-oldrel-windows-x86_64

These binaries (installable software) and packages are in development.
They may not be fully stable and should be used with caution. We make no claims about them.
Health stats visible at Monitor.